157.55.39.0 - - [31/Oct/2016:08:28:31 +0100] "GET /archiv/files/banner-styles.css HTTP/1.1" 200 7419 "-" "Mozilla/5.0 (iPhone; CPU iPhone OS 7_0 like Mac OS X) AppleWebKit/537.51.1 (KHTML, like Gecko) Version/7.0 Mobile/11A465 Safari/9537.53 (compatible; bingbot/2.0; +http://www.bing.com/bingbot.htm)"
157.55.39.0 - - [31/Oct/2016:08:28:33 +0100] "GET /archiv/files/style.css HTTP/1.1" 200 18311 "-" "Mozilla/5.0 (iPhone; CPU iPhone OS 7_0 like Mac OS X) AppleWebKit/537.51.1 (KHTML, like Gecko) Version/7.0 Mobile/11A465 Safari/9537.53 (compatible; bingbot/2.0; +http://www.bing.com/bingbot.htm)"
207.46.13.0 - - [31/Oct/2016:08:28:38 +0100] "GET /archiv/files/node.css HTTP/1.1" 200 1033 "-" "Mozilla/5.0 (iPhone; CPU iPhone OS 7_0 like Mac OS X) AppleWebKit/537.51.1 (KHTML, like Gecko) Version/7.0 Mobile/11A465 Safari/9537.53 (compatible; bingbot/2.0; +http://www.bing.com/bingbot.htm)"
207.46.13.0 - - [31/Oct/2016:08:28:39 +0100] "GET /archiv/files/system.css HTTP/1.1" 200 10643 "-" "Mozilla/5.0 (iPhone; CPU iPhone OS 7_0 like Mac OS X) AppleWebKit/537.51.1 (KHTML, like Gecko) Version/7.0 Mobile/11A465 Safari/9537.53 (compatible; bingbot/2.0; +http://www.bing.com/bingbot.htm)"
66.249.76.0 - - [31/Oct/2016:08:35:55 +0100] "GET / HTTP/1.1" 301 301 "-" "Mozilla/5.0 (compatible; Googlebot/2.1; +http://www.google.com/bot.html)"
66.249.76.0 - - [31/Oct/2016:08:35:55 +0100] "GET / HTTP/1.1" 200 18772 "-" "Mozilla/5.0 (compatible; Googlebot/2.1; +http://www.google.com/bot.html)"
62.138.0.0 - - [31/Oct/2016:08:37:10 +0100] "GET /robots.txt HTTP/1.1" 200 32 "-" "Mozilla/5.0 (compatible; seoscanners.net/1; +spider@seoscanners.net)"
62.138.0.0 - - [31/Oct/2016:08:37:10 +0100] "GET /archiv/archiv2.html HTTP/1.1" 200 14830 "-" "Mozilla/5.0 (compatible; seoscanners.net/1; +spider@seoscanners.net)"
199.58.86.0 - - [31/Oct/2016:08:45:43 +0100] "GET /robots.txt HTTP/1.0" 200 32 "-" "Mozilla/5.0 (compatible; MJ12bot/v1.4.5; http://www.majestic12.co.uk/bot.php?+)"
199.58.86.0 - - [31/Oct/2016:08:45:46 +0100] "GET / HTTP/1.0" 200 18772 "-" "Mozilla/5.0 (compatible; MJ12bot/v1.4.5; http://www.majestic12.co.uk/bot.php?+)"
199.58.86.0 - - [31/Oct/2016:08:45:48 +0100] "GET /robots.txt HTTP/1.0" 301 311 "-" "Mozilla/5.0 (compatible; MJ12bot/v1.4.5; http://www.majestic12.co.uk/bot.php?+)"
199.58.86.0 - - [31/Oct/2016:08:45:49 +0100] "GET /robots.txt HTTP/1.0" 200 32 "-" "Mozilla/5.0 (compatible; MJ12bot/v1.4.5; http://www.majestic12.co.uk/bot.php?+)"
199.58.86.0 - - [31/Oct/2016:08:45:53 +0100] "GET / HTTP/1.0" 301 301 "-" "Mozilla/5.0 (compatible; MJ12bot/v1.4.5; http://www.majestic12.co.uk/bot.php?+)"
199.58.86.0 - - [31/Oct/2016:08:45:55 +0100] "GET /robots.txt HTTP/1.0" 200 32 "-" "Mozilla/5.0 (compatible; MJ12bot/v1.4.5; http://www.majestic12.co.uk/bot.php?+)"
199.58.86.0 - - [31/Oct/2016:08:45:57 +0100] "GET / HTTP/1.0" 200 18772 "-" "Mozilla/5.0 (compatible; MJ12bot/v1.4.5; http://www.majestic12.co.uk/bot.php?+)"
178.255.215.0 - - [31/Oct/2016:08:47:30 +0100] "GET /robots.txt HTTP/1.1" 200 32 "-" "Mozilla/5.0 (compatible; Exabot/3.0; +http://www.exabot.com/go/robot)"
178.255.215.0 - - [31/Oct/2016:08:47:30 +0100] "GET / HTTP/1.1" 304 - "-" "Mozilla/5.0 (compatible; Exabot/3.0; +http://www.exabot.com/go/robot)"
178.255.215.0 - - [31/Oct/2016:08:48:07 +0100] "GET /clubheft.pdf HTTP/1.1" 200 3299877 "-" "Mozilla/5.0 (compatible; Exabot/3.0; +http://www.exabot.com/go/robot)"
2a01:4f8:120:: - - [31/Oct/2016:09:00:01 +0100] "GET /cron.php HTTP/1.1" 301 309 "-" "curl/7.38.0"
2a01:4f8:120:: - - [31/Oct/2016:09:00:01 +0100] "GET /cron.php HTTP/1.1" 404 280 "-" "curl/7.38.0"
157.55.39.0 - - [31/Oct/2016:09:25:20 +0100] "GET /fonts/titillium/titillium-regular-webfont.svg HTTP/1.1" 200 160984 "-" "Mozilla/5.0 (compatible; bingbot/2.0; +http://www.bing.com/bingbot.htm)"
157.55.39.0 - - [31/Oct/2016:09:25:21 +0100] "GET /fonts/titillium/titillium-regular-webfont.ttf HTTP/1.1" 200 53228 "-" "Mozilla/5.0 (compatible; bingbot/2.0; +http://www.bing.com/bingbot.htm)"
207.46.13.0 - - [31/Oct/2016:09:25:34 +0100] "GET /fonts/titillium/titillium-semibold-webfont.svg HTTP/1.1" 200 157536 "-" "Mozilla/5.0 (compatible; bingbot/2.0; +http://www.bing.com/bingbot.htm)"
207.46.13.0 - - [31/Oct/2016:09:25:55 +0100] "GET /fonts/titillium/titillium-semibold-webfont.ttf HTTP/1.1" 200 52860 "-" "Mozilla/5.0 (compatible; bingbot/2.0; +http://www.bing.com/bingbot.htm)"
187.74.74.0 - - [31/Oct/2016:09:29:48 +0100] "GET / HTTP/1.1" 200 18772 "http://1-99seo.com/try.php?u=http://vdsc.de" "Mozilla/5.0 (Windows NT 6.1; WOW64) AppleWebKit/537.36 (KHTML, like Gecko) Chrome/36.0.1985.143 Safari/537.36"
187.74.74.0 - - [31/Oct/2016:09:29:48 +0100] "GET /css/normalize.min.css HTTP/1.1" 200 2502 "http://vdsc.de/" "Mozilla/5.0 (Windows NT 6.1; WOW64) AppleWebKit/537.36 (KHTML, like Gecko) Chrome/36.0.1985.143 Safari/537.36"
187.74.74.0 - - [31/Oct/2016:09:29:48 +0100] "GET /fonts/titillium/stylesheet.css HTTP/1.1" 200 4236 "http://vdsc.de/" "Mozilla/5.0 (Windows NT 6.1; WOW64) AppleWebKit/537.36 (KHTML, like Gecko) Chrome/36.0.1985.143 Safari/537.36"
187.74.74.0 - - [31/Oct/2016:09:29:48 +0100] "GET /css/main.css HTTP/1.1" 200 3474 "http://vdsc.de/" "Mozilla/5.0 (Windows NT 6.1; WOW64) AppleWebKit/537.36 (KHTML, like Gecko) Chrome/36.0.1985.143 Safari/537.36"
187.74.74.0 - - [31/Oct/2016:09:29:49 +0100] "GET /fonts/titillium/titillium-semibold-webfont.ttf HTTP/1.1" 200 52860 "http://vdsc.de/" "Mozilla/5.0 (Windows NT 6.1; WOW64) AppleWebKit/537.36 (KHTML, like Gecko) Chrome/36.0.1985.143 Safari/537.36"
187.74.74.0 - - [31/Oct/2016:09:29:49 +0100] "GET /fonts/titillium/titillium-regular-webfont.ttf HTTP/1.1" 200 53228 "http://vdsc.de/" "Mozilla/5.0 (Windows NT 6.1; WOW64) AppleWebKit/537.36 (KHTML, like Gecko) Chrome/36.0.1985.143 Safari/537.36"
85.25.210.0 - - [31/Oct/2016:09:48:21 +0100] "GET /robots.txt HTTP/1.1" 200 32 "-" "Mozilla/5.0 (compatible; seoscanners.net/1; +spider@seoscanners.net)"
85.25.210.0 - - [31/Oct/2016:09:48:21 +0100] "GET /archiv/archiv1.html HTTP/1.1" 200 18732 "-" "Mozilla/5.0 (compatible; seoscanners.net/1; +spider@seoscanners.net)"
157.55.39.0 - - [31/Oct/2016:09:57:17 +0100] "GET /brief_adrem_nolinks.pdf HTTP/1.1" 404 294 "-" "Mozilla/5.0 (compatible; bingbot/2.0; +http://www.bing.com/bingbot.htm)"
2a01:4f8:120:: - - [31/Oct/2016:10:00:01 +0100] "GET /cron.php HTTP/1.1" 301 309 "-" "curl/7.38.0"
2a01:4f8:120:: - - [31/Oct/2016:10:00:01 +0100] "GET /cron.php HTTP/1.1" 404 280 "-" "curl/7.38.0"
66.249.76.0 - - [31/Oct/2016:10:05:26 +0100] "GET /robots.txt HTTP/1.1" 301 311 "-" "Mozilla/5.0 (compatible; Googlebot/2.1; +http://www.google.com/bot.html)"
66.249.76.0 - - [31/Oct/2016:10:05:27 +0100] "GET /robots.txt HTTP/1.1" 200 32 "-" "Mozilla/5.0 (compatible; Googlebot/2.1; +http://www.google.com/bot.html)"
66.249.76.0 - - [31/Oct/2016:10:05:27 +0100] "GET / HTTP/1.1" 301 301 "-" "Mozilla/5.0 (compatible; Googlebot/2.1; +http://www.google.com/bot.html)"
66.249.76.0 - - [31/Oct/2016:10:05:28 +0100] "GET / HTTP/1.1" 200 18772 "-" "Mozilla/5.0 (compatible; Googlebot/2.1; +http://www.google.com/bot.html)"
66.249.76.0 - - [31/Oct/2016:10:05:30 +0100] "GET /css/normalize.min.css HTTP/1.1" 200 2502 "https://vdsc.de/" "Mozilla/5.0 (compatible; Googlebot/2.1; +http://www.google.com/bot.html)"
66.249.76.0 - - [31/Oct/2016:10:05:31 +0100] "GET /fonts/titillium/stylesheet.css HTTP/1.1" 200 4236 "https://vdsc.de/" "Mozilla/5.0 (compatible; Googlebot/2.1; +http://www.google.com/bot.html)"
66.249.76.0 - - [31/Oct/2016:10:05:31 +0100] "GET /css/main.css HTTP/1.1" 200 3474 "https://vdsc.de/" "Mozilla/5.0 (compatible; Googlebot/2.1; +http://www.google.com/bot.html)"
138.201.30.0 - - [31/Oct/2016:10:13:06 +0100] "GET /robots.txt HTTP/1.0" 301 311 "-" "Mozilla/5.0 (compatible; SEOkicks-Robot; +http://www.seokicks.de/robot.html)"
138.201.30.0 - - [31/Oct/2016:10:13:08 +0100] "GET / HTTP/1.0" 301 301 "-" "Mozilla/5.0 (compatible; SEOkicks-Robot; +http://www.seokicks.de/robot.html)"
85.25.210.0 - - [31/Oct/2016:10:41:06 +0100] "GET /robots.txt HTTP/1.1" 200 32 "-" "Mozilla/5.0 (compatible; seoscanners.net/1; +spider@seoscanners.net)"
85.25.210.0 - - [31/Oct/2016:10:41:08 +0100] "GET /archiv/archiv2.html HTTP/1.1" 200 14830 "-" "Mozilla/5.0 (compatible; seoscanners.net/1; +spider@seoscanners.net)"
63.243.252.0 - - [31/Oct/2016:10:57:56 +0100] "GET /archiv/clubheft-v0.pdf HTTP/1.1" 301 323 "-" "Mozilla/5.0 (compatible; Baiduspider/2.0; +http://www.baidu.com/search/spider.html)"
180.76.15.0 - - [31/Oct/2016:10:57:58 +0100] "GET /archiv/clubheft-v0.pdf HTTP/1.1" 200 6640218 "-" "Mozilla/5.0 (compatible; Baiduspider/2.0; +http://www.baidu.com/search/spider.html)"
2a01:4f8:120:: - - [31/Oct/2016:11:00:01 +0100] "GET /cron.php HTTP/1.1" 301 309 "-" "curl/7.38.0"
2a01:4f8:120:: - - [31/Oct/2016:11:00:01 +0100] "GET /cron.php HTTP/1.1" 404 280 "-" "curl/7.38.0"
85.25.210.0 - - [31/Oct/2016:11:24:26 +0100] "GET /robots.txt HTTP/1.1" 200 32 "-" "Mozilla/5.0 (compatible; seoscanners.net/1; +spider@seoscanners.net)"
85.25.210.0 - - [31/Oct/2016:11:24:26 +0100] "GET /archiv/archiv1.html HTTP/1.1" 200 18732 "-" "Mozilla/5.0 (compatible; seoscanners.net/1; +spider@seoscanners.net)"
162.210.196.0 - - [31/Oct/2016:11:36:01 +0100] "GET /robots.txt HTTP/1.1" 200 32 "-" "Mozilla/5.0 (compatible; MJ12bot/v1.4.6; http://mj12bot.com/)"
162.210.196.0 - - [31/Oct/2016:11:36:03 +0100] "GET / HTTP/1.1" 200 18772 "-" "Mozilla/5.0 (compatible; MJ12bot/v1.4.6; http://mj12bot.com/)"
162.210.196.0 - - [31/Oct/2016:11:36:06 +0100] "GET /robots.txt HTTP/1.1" 301 311 "-" "Mozilla/5.0 (compatible; MJ12bot/v1.4.6; http://mj12bot.com/)"
162.210.196.0 - - [31/Oct/2016:11:36:08 +0100] "GET /robots.txt HTTP/1.1" 200 32 "-" "Mozilla/5.0 (compatible; MJ12bot/v1.4.6; http://mj12bot.com/)"
162.210.196.0 - - [31/Oct/2016:11:36:09 +0100] "GET / HTTP/1.1" 301 301 "-" "Mozilla/5.0 (compatible; MJ12bot/v1.4.6; http://mj12bot.com/)"
162.210.196.0 - - [31/Oct/2016:11:36:11 +0100] "GET / HTTP/1.1" 200 18772 "-" "Mozilla/5.0 (compatible; MJ12bot/v1.4.6; http://mj12bot.com/)"
62.138.0.0 - - [31/Oct/2016:11:55:36 +0100] "GET /robots.txt HTTP/1.1" 200 32 "-" "Mozilla/5.0 (compatible; seoscanners.net/1; +spider@seoscanners.net)"
62.138.0.0 - - [31/Oct/2016:11:55:39 +0100] "GET /50/ HTTP/1.1" 200 12848 "-" "Mozilla/5.0 (compatible; seoscanners.net/1; +spider@seoscanners.net)"
2a01:4f8:120:: - - [31/Oct/2016:12:00:02 +0100] "GET /cron.php HTTP/1.1" 301 309 "-" "curl/7.38.0"
2a01:4f8:120:: - - [31/Oct/2016:12:00:02 +0100] "GET /cron.php HTTP/1.1" 404 280 "-" "curl/7.38.0"
138.201.59.0 - - [31/Oct/2016:12:23:45 +0100] "GET /robots.txt HTTP/1.0" 200 32 "-" "Mozilla/5.0 (compatible; SEOkicks-Robot; +http://www.seokicks.de/robot.html)"
138.201.59.0 - - [31/Oct/2016:12:23:47 +0100] "GET / HTTP/1.0" 200 18772 "-" "Mozilla/5.0 (compatible; SEOkicks-Robot; +http://www.seokicks.de/robot.html)"
138.201.59.0 - - [31/Oct/2016:12:23:48 +0100] "GET /css/normalize.min.css HTTP/1.0" 200 2502 "http://vdsc.de/" "Mozilla/5.0 (compatible; SEOkicks-Robot; +http://www.seokicks.de/robot.html)"
138.201.59.0 - - [31/Oct/2016:12:23:50 +0100] "GET /fonts/titillium/stylesheet.css HTTP/1.0" 200 4236 "http://vdsc.de/" "Mozilla/5.0 (compatible; SEOkicks-Robot; +http://www.seokicks.de/robot.html)"
138.201.59.0 - - [31/Oct/2016:12:23:52 +0100] "GET /css/main.css HTTP/1.0" 200 3474 "http://vdsc.de/" "Mozilla/5.0 (compatible; SEOkicks-Robot; +http://www.seokicks.de/robot.html)"
138.201.59.0 - - [31/Oct/2016:12:23:53 +0100] "GET /archiv/archiv1.html HTTP/1.0" 200 18732 "http://vdsc.de/" "Mozilla/5.0 (compatible; SEOkicks-Robot; +http://www.seokicks.de/robot.html)"
138.201.59.0 - - [31/Oct/2016:12:23:55 +0100] "GET /archiv/files/banner-styles.css HTTP/1.0" 200 7419 "http://vdsc.de/archiv/archiv1.html" "Mozilla/5.0 (compatible; SEOkicks-Robot; +http://www.seokicks.de/robot.html)"
138.201.59.0 - - [31/Oct/2016:12:23:56 +0100] "GET /archiv/files/content-module.css HTTP/1.0" 200 142 "http://vdsc.de/archiv/archiv1.html" "Mozilla/5.0 (compatible; SEOkicks-Robot; +http://www.seokicks.de/robot.html)"
138.201.59.0 - - [31/Oct/2016:12:23:58 +0100] "GET /archiv/files/date.css HTTP/1.0" 200 142 "http://vdsc.de/archiv/archiv1.html" "Mozilla/5.0 (compatible; SEOkicks-Robot; +http://www.seokicks.de/robot.html)"
2a01:4f8:120:: - - [31/Oct/2016:13:00:01 +0100] "GET /cron.php HTTP/1.1" 301 309 "-" "curl/7.38.0"
2a01:4f8:120:: - - [31/Oct/2016:13:00:01 +0100] "GET /cron.php HTTP/1.1" 404 280 "-" "curl/7.38.0"
62.138.0.0 - - [31/Oct/2016:13:35:00 +0100] "GET /robots.txt HTTP/1.1" 200 32 "-" "Mozilla/5.0 (compatible; seoscanners.net/1; +spider@seoscanners.net)"
178.255.215.0 - - [31/Oct/2016:13:38:09 +0100] "GET /robots.txt HTTP/1.1" 200 32 "-" "Mozilla/5.0 (compatible; Exabot/3.0; +http://www.exabot.com/go/robot)"
178.255.215.0 - - [31/Oct/2016:13:38:09 +0100] "GET / HTTP/1.1" 304 - "-" "Mozilla/5.0 (compatible; Exabot/3.0; +http://www.exabot.com/go/robot)"
207.46.13.0 - - [31/Oct/2016:13:51:51 +0100] "GET / HTTP/1.1" 301 301 "-" "Mozilla/5.0 (compatible; bingbot/2.0; +http://www.bing.com/bingbot.htm)"
2a01:4f8:120:: - - [31/Oct/2016:14:00:01 +0100] "GET /cron.php HTTP/1.1" 301 309 "-" "curl/7.38.0"
2a01:4f8:120:: - - [31/Oct/2016:14:00:02 +0100] "GET /cron.php HTTP/1.1" 404 280 "-" "curl/7.38.0"
89.204.130.0 - - [31/Oct/2016:14:02:28 +0100] "GET / HTTP/1.1" 200 18772 "-" "Mozilla/5.0 (iPhone; CPU iPhone OS 10_0_2 like Mac OS X) AppleWebKit/602.1.50 (KHTML, like Gecko) Version/10.0 Mobile/14A456 Safari/602.1"
89.204.130.0 - - [31/Oct/2016:14:02:39 +0100] "GET / HTTP/1.1" 200 18772 "-" "Mozilla/5.0 (iPhone; CPU iPhone OS 10_0_2 like Mac OS X) AppleWebKit/602.1.50 (KHTML, like Gecko) Version/10.0 Mobile/14A456 Safari/602.1"
178.137.95.0 - - [31/Oct/2016:14:12:32 +0100] "GET /50/ HTTP/1.1" 200 12848 "http://buynorxx.com/" "Mozilla/4.0 (compatible; MSIE 6.0; Windows NT 5.0; Avant Browser [avantbrowser.com]; Hotbar 4.4.5.0)"
178.137.95.0 - - [31/Oct/2016:14:12:32 +0100] "GET /50/ HTTP/1.1" 200 12848 "http://buynorxx.com/" "Mozilla/4.0 (compatible; MSIE 6.0; Windows NT 5.0; Avant Browser [avantbrowser.com]; Hotbar 4.4.5.0)"
178.137.95.0 - - [31/Oct/2016:14:12:33 +0100] "GET /50/ HTTP/1.1" 200 12848 "http://buynorxx.com/" "Mozilla/4.0 (compatible; MSIE 6.0; Windows NT 5.0; Avant Browser [avantbrowser.com]; Hotbar 4.4.5.0)"
46.119.118.0 - - [31/Oct/2016:14:55:25 +0100] "GET /50/ HTTP/1.1" 200 12848 "http://komp-pomosch.ru/" "Mozilla/4.0 (compatible; MSIE 6.0; Windows NT 5.1; ru) Opera 8.01"
46.119.118.0 - - [31/Oct/2016:14:55:26 +0100] "GET /50/ HTTP/1.1" 200 12848 "http://komp-pomosch.ru/" "Mozilla/4.0 (compatible; MSIE 6.0; Windows NT 5.1; ru) Opera 8.01"
46.119.118.0 - - [31/Oct/2016:14:55:26 +0100] "GET /50/ HTTP/1.1" 200 12848 "http://komp-pomosch.ru/" "Mozilla/4.0 (compatible; MSIE 6.0; Windows NT 5.1; ru) Opera 8.01"
2a01:4f8:120:: - - [31/Oct/2016:15:00:01 +0100] "GET /cron.php HTTP/1.1" 301 309 "-" "curl/7.38.0"
2a01:4f8:120:: - - [31/Oct/2016:15:00:02 +0100] "GET /cron.php HTTP/1.1" 404 280 "-" "curl/7.38.0"
85.214.243.0 - - [31/Oct/2016:15:03:29 +0100] "GET /robots.txt HTTP/1.1" 301 311 "-" "Mozilla/4.0 (compatible; MSIE 7.0; Windows NT 6.2; WOW64; Trident/7.0; .NET4.0E; .NET4.0C)"
85.214.243.0 - - [31/Oct/2016:15:03:30 +0100] "GET /robots.txt HTTP/1.1" 200 32 "-" "Mozilla/4.0 (compatible; MSIE 7.0; Windows NT 6.2; WOW64; Trident/7.0; .NET4.0E; .NET4.0C)"
85.25.210.0 - - [31/Oct/2016:15:29:56 +0100] "GET /robots.txt HTTP/1.1" 200 32 "-" "Mozilla/5.0 (compatible; seoscanners.net/1; +spider@seoscanners.net)"
85.25.210.0 - - [31/Oct/2016:15:29:56 +0100] "GET /downloads/dresdner_studentenclubs_uebersicht_map.png HTTP/1.1" 404 323 "-" "Mozilla/5.0 (compatible; seoscanners.net/1; +spider@seoscanners.net)"
178.255.215.0 - - [31/Oct/2016:15:33:12 +0100] "GET /robots.txt HTTP/1.1" 301 311 "-" "Mozilla/5.0 (compatible; Exabot/3.0; +http://www.exabot.com/go/robot)"
178.255.215.0 - - [31/Oct/2016:15:33:12 +0100] "GET /robots.txt HTTP/1.1" 200 32 "-" "Mozilla/5.0 (compatible; Exabot/3.0; +http://www.exabot.com/go/robot)"
178.255.215.0 - - [31/Oct/2016:15:33:12 +0100] "GET / HTTP/1.1" 301 301 "-" "Mozilla/5.0 (compatible; Exabot/3.0; +http://www.exabot.com/go/robot)"
149.91.123.0 - - [31/Oct/2016:15:50:15 +0100] "GET / HTTP/1.1" 200 18772 "-" "Java/1.7.0_79"
149.91.123.0 - - [31/Oct/2016:15:50:17 +0100] "GET /50 HTTP/1.1" 301 299 "-" "Java/1.7.0_79"
149.91.123.0 - - [31/Oct/2016:15:50:17 +0100] "GET /50/ HTTP/1.1" 200 12848 "-" "Java/1.7.0_79"
149.91.123.0 - - [31/Oct/2016:15:50:19 +0100] "GET /archiv/archiv1.html HTTP/1.1" 200 18732 "-" "Java/1.7.0_79"
149.91.123.0 - - [31/Oct/2016:15:50:20 +0100] "GET /data:;base64,iVBORw0KGgo= HTTP/1.1" 404 296 "-" "Java/1.7.0_79"
149.91.123.0 - - [31/Oct/2016:15:50:21 +0100] "GET /archiv/archiv2.html HTTP/1.1" 200 14830 "-" "Java/1.7.0_79"
149.91.123.0 - - [31/Oct/2016:15:50:21 +0100] "GET /downloads/dresdner_studentenclubs_uebersicht_map.png HTTP/1.1" 404 323 "-" "Java/1.7.0_79"
149.91.123.0 - - [31/Oct/2016:15:50:21 +0100] "GET //exma.de/6070176 HTTP/1.1" 404 286 "-" "Java/1.7.0_79"
149.91.123.0 - - [31/Oct/2016:15:50:22 +0100] "GET /archiv/./files/logo.png HTTP/1.1" 200 4006 "-" "Java/1.7.0_79"
149.91.123.0 - - [31/Oct/2016:15:50:22 +0100] "GET //dresdner-studententage.de/2014/veranstaltungen HTTP/1.1" 404 317 "-" "Java/1.7.0_79"
149.91.123.0 - - [31/Oct/2016:15:50:22 +0100] "GET /https://www.exmatrikulationsamt.de/eseclubtour HTTP/1.1" 404 317 "-" "Java/1.7.0_79"
149.91.123.0 - - [31/Oct/2016:15:50:23 +0100] "GET /50/https://www.facebook.com/events/594848867292254 HTTP/1.1" 404 - "-" "Java/1.7.0_79"
2a01:4f8:120:: - - [31/Oct/2016:16:00:01 +0100] "GET /cron.php HTTP/1.1" 301 309 "-" "curl/7.38.0"
2a01:4f8:120:: - - [31/Oct/2016:16:00:02 +0100] "GET /cron.php HTTP/1.1" 404 280 "-" "curl/7.38.0"
66.249.76.0 - - [31/Oct/2016:16:20:31 +0100] "GET / HTTP/1.1" 301 301 "-" "Mozilla/5.0 (Linux; Android 6.0.1; Nexus 5X Build/MMB29P) AppleWebKit/537.36 (KHTML, like Gecko) Chrome/41.0.2272.96 Mobile Safari/537.36 (compatible; Googlebot/2.1; +http://www.google.com/bot.html)"
66.249.76.0 - - [31/Oct/2016:16:20:32 +0100] "GET / HTTP/1.1" 200 18772 "-" "Mozilla/5.0 (Linux; Android 6.0.1; Nexus 5X Build/MMB29P) AppleWebKit/537.36 (KHTML, like Gecko) Chrome/41.0.2272.96 Mobile Safari/537.36 (compatible; Googlebot/2.1; +http://www.google.com/bot.html)"
207.46.13.0 - - [31/Oct/2016:16:30:55 +0100] "GET /robots.txt HTTP/1.1" 200 32 "-" "Mozilla/5.0 (compatible; bingbot/2.0; +http://www.bing.com/bingbot.htm)"
207.46.13.0 - - [31/Oct/2016:16:30:55 +0100] "GET /robots.txt HTTP/1.1" 200 32 "-" "Mozilla/5.0 (compatible; bingbot/2.0; +http://www.bing.com/bingbot.htm)"
157.55.39.0 - - [31/Oct/2016:16:31:08 +0100] "GET /archiv/files/Vereinigung%20Dresdner%20Studentenclubs%20(VDSC).html HTTP/1.1" 404 332 "-" "Mozilla/5.0 (iPhone; CPU iPhone OS 7_0 like Mac OS X) AppleWebKit/537.51.1 (KHTML, like Gecko) Version/7.0 Mobile/11A465 Safari/9537.53 (compatible; bingbot/2.0; +http://www.bing.com/bingbot.htm)"
2a01:4f8:120:: - - [31/Oct/2016:17:00:02 +0100] "GET /cron.php HTTP/1.1" 301 309 "-" "curl/7.38.0"
2a01:4f8:120:: - - [31/Oct/2016:17:00:02 +0100] "GET /cron.php HTTP/1.1" 404 280 "-" "curl/7.38.0"
2a01:4f8:120:: - - [31/Oct/2016:18:00:01 +0100] "GET /cron.php HTTP/1.1" 301 309 "-" "curl/7.38.0"
2a01:4f8:120:: - - [31/Oct/2016:18:00:01 +0100] "GET /cron.php HTTP/1.1" 404 280 "-" "curl/7.38.0"
68.180.231.0 - - [31/Oct/2016:18:37:12 +0100] "GET /robots.txt HTTP/1.1" 200 32 "-" "Mozilla/5.0 (compatible; Yahoo! Slurp; http://help.yahoo.com/help/us/ysearch/slurp)"
68.180.231.0 - - [31/Oct/2016:18:37:13 +0100] "GET /archiv/archiv1.html HTTP/1.1" 304 - "-" "Mozilla/5.0 (compatible; Yahoo! Slurp; http://help.yahoo.com/help/us/ysearch/slurp)"
68.180.231.0 - - [31/Oct/2016:18:37:27 +0100] "GET /50 HTTP/1.1" 301 301 "-" "Mozilla/5.0 (compatible; Yahoo! Slurp; http://help.yahoo.com/help/us/ysearch/slurp)"
68.180.231.0 - - [31/Oct/2016:18:37:48 +0100] "GET /50/ HTTP/1.1" 304 - "-" "Mozilla/5.0 (compatible; Yahoo! Slurp; http://help.yahoo.com/help/us/ysearch/slurp)"
68.180.231.0 - - [31/Oct/2016:18:39:39 +0100] "GET /robots.txt HTTP/1.1" 200 32 "-" "Mozilla/5.0 (compatible; Yahoo! Slurp; http://help.yahoo.com/help/us/ysearch/slurp)"
68.180.231.0 - - [31/Oct/2016:18:39:39 +0100] "GET /clubheft.pdf HTTP/1.1" 304 - "-" "Mozilla/5.0 (compatible; Yahoo! Slurp; http://help.yahoo.com/help/us/ysearch/slurp)"
68.180.231.0 - - [31/Oct/2016:18:41:19 +0100] "GET / HTTP/1.1" 200 18772 "-" "Mozilla/5.0 (compatible; Yahoo! Slurp; http://help.yahoo.com/help/us/ysearch/slurp)"
178.8.122.0 - - [31/Oct/2016:18:55:23 +0100] "GET / HTTP/1.1" 301 301 "-" "Mozilla/5.0 (Windows NT 6.0; WOW64; rv:49.0) Gecko/20100101 Firefox/49.0"
178.8.122.0 - - [31/Oct/2016:18:55:28 +0100] "GET / HTTP/1.1" 200 18772 "-" "Mozilla/5.0 (Windows NT 6.0; WOW64; rv:49.0) Gecko/20100101 Firefox/49.0"
178.8.122.0 - - [31/Oct/2016:18:55:28 +0100] "GET /css/normalize.min.css HTTP/1.1" 200 2502 "https://vdsc.de/" "Mozilla/5.0 (Windows NT 6.0; WOW64; rv:49.0) Gecko/20100101 Firefox/49.0"
178.8.122.0 - - [31/Oct/2016:18:55:29 +0100] "GET /css/main.css HTTP/1.1" 200 3474 "https://vdsc.de/" "Mozilla/5.0 (Windows NT 6.0; WOW64; rv:49.0) Gecko/20100101 Firefox/49.0"
178.8.122.0 - - [31/Oct/2016:18:55:29 +0100] "GET /fonts/titillium/stylesheet.css HTTP/1.1" 200 4236 "https://vdsc.de/" "Mozilla/5.0 (Windows NT 6.0; WOW64; rv:49.0) Gecko/20100101 Firefox/49.0"
178.8.122.0 - - [31/Oct/2016:18:55:29 +0100] "GET /fonts/titillium/titillium-regular-webfont.woff HTTP/1.1" 200 29840 "https://vdsc.de/fonts/titillium/stylesheet.css" "Mozilla/5.0 (Windows NT 6.0; WOW64; rv:49.0) Gecko/20100101 Firefox/49.0"
178.8.122.0 - - [31/Oct/2016:18:55:29 +0100] "GET /fonts/titillium/titillium-semibold-webfont.woff HTTP/1.1" 200 29892 "https://vdsc.de/fonts/titillium/stylesheet.css" "Mozilla/5.0 (Windows NT 6.0; WOW64; rv:49.0) Gecko/20100101 Firefox/49.0"
66.249.75.0 - - [31/Oct/2016:18:59:27 +0100] "GET / HTTP/1.1" 301 301 "-" "Mozilla/5.0 (compatible; Googlebot/2.1; +http://www.google.com/bot.html)"
66.249.76.0 - - [31/Oct/2016:18:59:28 +0100] "GET / HTTP/1.1" 200 18772 "-" "Mozilla/5.0 (compatible; Googlebot/2.1; +http://www.google.com/bot.html)"
2a01:4f8:120:: - - [31/Oct/2016:19:00:01 +0100] "GET /cron.php HTTP/1.1" 301 309 "-" "curl/7.38.0"
2a01:4f8:120:: - - [31/Oct/2016:19:00:01 +0100] "GET /cron.php HTTP/1.1" 404 280 "-" "curl/7.38.0"
89.204.139.0 - - [31/Oct/2016:19:35:05 +0100] "GET / HTTP/1.1" 301 301 "-" "Mozilla/5.0 (iPhone; CPU iPhone OS 9_3_5 like Mac OS X) AppleWebKit/601.1.46 (KHTML, like Gecko) Version/9.0 Mobile/13G36 Safari/601.1"
89.204.139.0 - - [31/Oct/2016:19:35:06 +0100] "GET / HTTP/1.1" 200 18772 "-" "Mozilla/5.0 (iPhone; CPU iPhone OS 9_3_5 like Mac OS X) AppleWebKit/601.1.46 (KHTML, like Gecko) Version/9.0 Mobile/13G36 Safari/601.1"
89.204.139.0 - - [31/Oct/2016:19:35:07 +0100] "GET /fonts/titillium/stylesheet.css HTTP/1.1" 200 4236 "https://vdsc.de/" "Mozilla/5.0 (iPhone; CPU iPhone OS 9_3_5 like Mac OS X) AppleWebKit/601.1.46 (KHTML, like Gecko) Version/9.0 Mobile/13G36 Safari/601.1"
89.204.139.0 - - [31/Oct/2016:19:35:07 +0100] "GET /css/normalize.min.css HTTP/1.1" 200 2502 "https://vdsc.de/" "Mozilla/5.0 (iPhone; CPU iPhone OS 9_3_5 like Mac OS X) AppleWebKit/601.1.46 (KHTML, like Gecko) Version/9.0 Mobile/13G36 Safari/601.1"
89.204.139.0 - - [31/Oct/2016:19:35:07 +0100] "GET /css/main.css HTTP/1.1" 200 3474 "https://vdsc.de/" "Mozilla/5.0 (iPhone; CPU iPhone OS 9_3_5 like Mac OS X) AppleWebKit/601.1.46 (KHTML, like Gecko) Version/9.0 Mobile/13G36 Safari/601.1"
89.204.139.0 - - [31/Oct/2016:19:35:08 +0100] "GET /fonts/titillium/titillium-semibold-webfont.woff HTTP/1.1" 200 29892 "https://vdsc.de/" "Mozilla/5.0 (iPhone; CPU iPhone OS 9_3_5 like Mac OS X) AppleWebKit/601.1.46 (KHTML, like Gecko) Version/9.0 Mobile/13G36 Safari/601.1"
89.204.139.0 - - [31/Oct/2016:19:35:08 +0100] "GET /fonts/titillium/titillium-regular-webfont.woff HTTP/1.1" 200 29840 "https://vdsc.de/" "Mozilla/5.0 (iPhone; CPU iPhone OS 9_3_5 like Mac OS X) AppleWebKit/601.1.46 (KHTML, like Gecko) Version/9.0 Mobile/13G36 Safari/601.1"
89.204.139.0 - - [31/Oct/2016:19:35:38 +0100] "GET / HTTP/1.1" 200 18772 "-" "Mozilla/5.0 (iPhone; CPU iPhone OS 9_3_5 like Mac OS X) AppleWebKit/601.1.46 (KHTML, like Gecko) Version/9.0 Mobile/13G36 Safari/601.1"
192.243.55.0 - - [31/Oct/2016:19:43:06 +0100] "GET /clubheft.pdf HTTP/1.1" 301 313 "-" "Mozilla/5.0 (compatible; SemrushBot/1.1~bl; +http://www.semrush.com/bot.html)"
2a01:4f8:120:: - - [31/Oct/2016:20:00:01 +0100] "GET /cron.php HTTP/1.1" 301 309 "-" "curl/7.38.0"
2a01:4f8:120:: - - [31/Oct/2016:20:00:02 +0100] "GET /cron.php HTTP/1.1" 404 280 "-" "curl/7.38.0"
5.255.251.0 - - [31/Oct/2016:20:05:04 +0100] "GET /robots.txt HTTP/1.1" 200 32 "-" "Mozilla/5.0 (compatible; YandexBot/3.0; +http://yandex.com/bots)"
87.250.244.0 - - [31/Oct/2016:20:05:04 +0100] "GET /robots.txt HTTP/1.1" 301 311 "-" "Mozilla/5.0 (compatible; YandexBot/3.0; +http://yandex.com/bots)"
5.255.251.0 - - [31/Oct/2016:20:05:08 +0100] "GET / HTTP/1.1" 200 18772 "-" "Mozilla/5.0 (compatible; YandexBot/3.0; +http://yandex.com/bots)"
5.255.251.0 - - [31/Oct/2016:20:05:08 +0100] "GET / HTTP/1.1" 301 301 "-" "Mozilla/5.0 (compatible; YandexBot/3.0; +http://yandex.com/bots)"
66.249.76.0 - - [31/Oct/2016:20:12:57 +0100] "GET / HTTP/1.1" 301 301 "-" "Mozilla/5.0 (compatible; Googlebot/2.1; +http://www.google.com/bot.html)"
66.249.76.0 - - [31/Oct/2016:20:12:58 +0100] "GET / HTTP/1.1" 200 18772 "-" "Mozilla/5.0 (compatible; Googlebot/2.1; +http://www.google.com/bot.html)"
66.249.76.0 - - [31/Oct/2016:20:32:12 +0100] "GET /robots.txt HTTP/1.1" 200 32 "-" "Mozilla/5.0 (compatible; Googlebot/2.1; +http://www.google.com/bot.html)"
66.249.76.0 - - [31/Oct/2016:20:32:12 +0100] "GET /archiv/clubheft-v50.pdf HTTP/1.1" 200 3299877 "-" "Googlebot/2.1 (+http://www.google.com/bot.html)"
2a01:4f8:120:: - - [31/Oct/2016:21:00:01 +0100] "GET /cron.php HTTP/1.1" 301 309 "-" "curl/7.38.0"
2a01:4f8:120:: - - [31/Oct/2016:21:00:02 +0100] "GET /cron.php HTTP/1.1" 404 280 "-" "curl/7.38.0"
2a01:4f8:120:: - - [31/Oct/2016:22:00:01 +0100] "GET /cron.php HTTP/1.1" 301 309 "-" "curl/7.38.0"
2a01:4f8:120:: - - [31/Oct/2016:22:00:01 +0100] "GET /cron.php HTTP/1.1" 404 280 "-" "curl/7.38.0"
46.119.119.0 - - [31/Oct/2016:22:03:51 +0100] "GET /50/ HTTP/1.1" 200 12848 "http://telegraf.by/2016/08/42/329397-ribii-jir" "Mozilla/4.0 (compatible; MSIE 6.0; Windows NT 5.1; SV1; Media Center PC"
46.119.119.0 - - [31/Oct/2016:22:03:52 +0100] "GET /50/ HTTP/1.1" 200 12848 "http://telegraf.by/2016/08/42/329397-ribii-jir" "Mozilla/4.0 (compatible; MSIE 6.0; Windows NT 5.1; SV1; Media Center PC"
46.119.119.0 - - [31/Oct/2016:22:03:52 +0100] "GET /50/ HTTP/1.1" 200 12848 "http://telegraf.by/2016/08/42/329397-ribii-jir" "Mozilla/4.0 (compatible; MSIE 6.0; Windows NT 5.1; SV1; Media Center PC"
2a01:4f8:120:: - - [31/Oct/2016:23:00:01 +0100] "GET /cron.php HTTP/1.1" 301 309 "-" "curl/7.38.0"
2a01:4f8:120:: - - [31/Oct/2016:23:00:02 +0100] "GET /cron.php HTTP/1.1" 404 280 "-" "curl/7.38.0"
207.46.13.0 - - [31/Oct/2016:23:37:49 +0100] "GET /archiv/files/clubheft.pdf HTTP/1.1" 200 4490288 "-" "Mozilla/5.0 (compatible; bingbot/2.0; +http://www.bing.com/bingbot.htm)"
46.119.119.0 - - [31/Oct/2016:23:53:19 +0100] "GET /50/ HTTP/1.1" 200 12848 "http://kinocccp.net/" "Mozilla/4.0 (compatible; MSIE 6.0; Windows NT 5.1; Crazy Browser 1.0.5)"
46.119.119.0 - - [31/Oct/2016:23:53:20 +0100] "GET /50/ HTTP/1.1" 200 12848 "http://kinocccp.net/" "Mozilla/4.0 (compatible; MSIE 6.0; Windows NT 5.1; Crazy Browser 1.0.5)"
2a01:4f8:120:: - - [01/Nov/2016:00:00:00 +0100] "GET /cron.php HTTP/1.1" 301 309 "-" "curl/7.38.0"
2a01:4f8:120:: - - [01/Nov/2016:00:00:01 +0100] "GET /cron.php HTTP/1.1" 404 280 "-" "curl/7.38.0"
37.120.32.0 - - [01/Nov/2016:00:19:21 +0100] "GET / HTTP/1.1" 200 18772 "https://www.google.de/" "Mozilla/5.0 (Windows NT 10.0; Win64; x64) AppleWebKit/537.36 (KHTML, like Gecko) Chrome/54.0.2840.71 Safari/537.36"
37.120.32.0 - - [01/Nov/2016:00:19:21 +0100] "GET /css/normalize.min.css HTTP/1.1" 200 2502 "https://vdsc.de/" "Mozilla/5.0 (Windows NT 10.0; Win64; x64) AppleWebKit/537.36 (KHTML, like Gecko) Chrome/54.0.2840.71 Safari/537.36"
37.120.32.0 - - [01/Nov/2016:00:19:21 +0100] "GET /fonts/titillium/stylesheet.css HTTP/1.1" 200 4236 "https://vdsc.de/" "Mozilla/5.0 (Windows NT 10.0; Win64; x64) AppleWebKit/537.36 (KHTML, like Gecko) Chrome/54.0.2840.71 Safari/537.36"
37.120.32.0 - - [01/Nov/2016:00:19:21 +0100] "GET /css/main.css HTTP/1.1" 200 3474 "https://vdsc.de/" "Mozilla/5.0 (Windows NT 10.0; Win64; x64) AppleWebKit/537.36 (KHTML, like Gecko) Chrome/54.0.2840.71 Safari/537.36"
37.120.32.0 - - [01/Nov/2016:00:19:21 +0100] "GET /fonts/titillium/titillium-regular-webfont.woff HTTP/1.1" 200 29840 "https://vdsc.de/fonts/titillium/stylesheet.css" "Mozilla/5.0 (Windows NT 10.0; Win64; x64) AppleWebKit/537.36 (KHTML, like Gecko) Chrome/54.0.2840.71 Safari/537.36"
37.120.32.0 - - [01/Nov/2016:00:19:21 +0100] "GET /fonts/titillium/titillium-semibold-webfont.woff HTTP/1.1" 200 29892 "https://vdsc.de/fonts/titillium/stylesheet.css" "Mozilla/5.0 (Windows NT 10.0; Win64; x64) AppleWebKit/537.36 (KHTML, like Gecko) Chrome/54.0.2840.71 Safari/537.36"
2a01:4f8:120:: - - [01/Nov/2016:01:00:01 +0100] "GET /cron.php HTTP/1.1" 301 309 "-" "curl/7.38.0"
2a01:4f8:120:: - - [01/Nov/2016:01:00:01 +0100] "GET /cron.php HTTP/1.1" 404 280 "-" "curl/7.38.0"
178.0.112.0 - - [01/Nov/2016:01:35:35 +0100] "GET / HTTP/1.1" 301 301 "-" "Mozilla/5.0 (Macintosh; Intel Mac OS X 10_10_3) AppleWebKit/537.36 (KHTML, like Gecko) Chrome/41.0.2272.89 Safari/537.36"
178.0.112.0 - - [01/Nov/2016:01:35:38 +0100] "GET / HTTP/1.1" 200 18772 "-" "Mozilla/5.0 (Macintosh; Intel Mac OS X 10_10_3) AppleWebKit/537.36 (KHTML, like Gecko) Chrome/41.0.2272.89 Safari/537.36"
163.172.64.0 - - [01/Nov/2016:01:41:58 +0100] "GET / HTTP/1.1" 301 301 "-" "Mozilla/5.0 (compatible; AhrefsBot/5.1; +http://ahrefs.com/robot/)"
66.249.76.0 - - [01/Nov/2016:01:44:35 +0100] "GET / HTTP/1.1" 200 18772 "-" "Mozilla/5.0 (compatible; Googlebot/2.1; +http://www.google.com/bot.html)"
207.46.13.0 - - [01/Nov/2016:01:54:36 +0100] "GET /robots.txt HTTP/1.1" 301 311 "-" "Mozilla/5.0 (compatible; bingbot/2.0; +http://www.bing.com/bingbot.htm)"
207.46.13.0 - - [01/Nov/2016:01:54:37 +0100] "GET /robots.txt HTTP/1.1" 200 32 "-" "Mozilla/5.0 (compatible; bingbot/2.0; +http://www.bing.com/bingbot.htm)"
2a01:4f8:120:: - - [01/Nov/2016:02:00:01 +0100] "GET /cron.php HTTP/1.1" 301 309 "-" "curl/7.38.0"
2a01:4f8:120:: - - [01/Nov/2016:02:00:01 +0100] "GET /cron.php HTTP/1.1" 404 280 "-" "curl/7.38.0"
199.58.86.0 - - [01/Nov/2016:02:04:27 +0100] "GET /robots.txt HTTP/1.0" 200 32 "-" "Mozilla/5.0 (compatible; MJ12bot/v1.4.5; http://www.majestic12.co.uk/bot.php?+)"
199.58.86.0 - - [01/Nov/2016:02:04:31 +0100] "GET / HTTP/1.0" 200 18772 "-" "Mozilla/5.0 (compatible; MJ12bot/v1.4.5; http://www.majestic12.co.uk/bot.php?+)"
199.58.86.0 - - [01/Nov/2016:02:04:36 +0100] "GET /robots.txt HTTP/1.0" 301 311 "-" "Mozilla/5.0 (compatible; MJ12bot/v1.4.5; http://www.majestic12.co.uk/bot.php?+)"
199.58.86.0 - - [01/Nov/2016:02:04:39 +0100] "GET /robots.txt HTTP/1.0" 200 32 "-" "Mozilla/5.0 (compatible; MJ12bot/v1.4.5; http://www.majestic12.co.uk/bot.php?+)"
199.58.86.0 - - [01/Nov/2016:02:04:41 +0100] "GET / HTTP/1.0" 301 301 "-" "Mozilla/5.0 (compatible; MJ12bot/v1.4.5; http://www.majestic12.co.uk/bot.php?+)"
199.58.86.0 - - [01/Nov/2016:02:04:43 +0100] "GET /robots.txt HTTP/1.0" 200 32 "-" "Mozilla/5.0 (compatible; MJ12bot/v1.4.5; http://www.majestic12.co.uk/bot.php?+)"
199.58.86.0 - - [01/Nov/2016:02:04:47 +0100] "GET / HTTP/1.0" 200 18772 "-" "Mozilla/5.0 (compatible; MJ12bot/v1.4.5; http://www.majestic12.co.uk/bot.php?+)"
178.137.95.0 - - [01/Nov/2016:02:54:06 +0100] "GET /50/ HTTP/1.1" 200 12848 "http://video-chat.cn/" "Mozilla/4.0 (compatible; MSIE 6.0; Windows NT 5.1; SV1; .NET CLR 1.1.4322) Babya Discoverer 8.0:"
2a01:4f8:120:: - - [01/Nov/2016:03:00:02 +0100] "GET /cron.php HTTP/1.1" 301 309 "-" "curl/7.38.0"
2a01:4f8:120:: - - [01/Nov/2016:03:00:02 +0100] "GET /cron.php HTTP/1.1" 404 280 "-" "curl/7.38.0"
46.119.118.0 - - [01/Nov/2016:03:06:50 +0100] "GET /50/ HTTP/1.1" 200 12848 "http://stairliftsarea.com/" "Mozilla/4.0 (compatible; MSIE 6.0; Windows NT 5.2; Win64; x64; SV1; .NET CLR 2.0.50727)"
46.119.118.0 - - [01/Nov/2016:03:06:50 +0100] "GET /50/ HTTP/1.1" 200 12848 "http://stairliftsarea.com/" "Mozilla/4.0 (compatible; MSIE 6.0; Windows NT 5.2; Win64; x64; SV1; .NET CLR 2.0.50727)"
46.119.118.0 - - [01/Nov/2016:03:06:51 +0100] "GET /50/ HTTP/1.1" 200 12848 "http://stairliftsarea.com/" "Mozilla/4.0 (compatible; MSIE 6.0; Windows NT 5.2; Win64; x64; SV1; .NET CLR 2.0.50727)"
87.106.93.0 - - [01/Nov/2016:03:25:09 +0100] "GET / HTTP/1.0" 301 301 "-" "Mozilla/4.0 (compatible; MSIE 5.0; Windows NT 4.0)"
87.106.93.0 - - [01/Nov/2016:03:25:11 +0100] "GET / HTTP/1.0" 403 276 "http://www.vdsc.de/" "Mozilla/4.0 (compatible; MSIE 5.0; Windows NT 4.0)"
87.106.93.0 - - [01/Nov/2016:03:25:13 +0100] "GET / HTTP/1.0" 403 276 "http://www.vdsc.de/" "Mozilla/4.0 (compatible; MSIE 5.0; Windows NT 4.0)"
87.106.93.0 - - [01/Nov/2016:03:25:16 +0100] "GET / HTTP/1.0" 403 276 "http://www.vdsc.de/" "Mozilla/4.0 (compatible; MSIE 5.0; Windows NT 4.0)"
87.106.93.0 - - [01/Nov/2016:03:25:17 +0100] "GET / HTTP/1.0" 403 276 "http://www.vdsc.de/" "Mozilla/4.0 (compatible; MSIE 5.0; Windows NT 4.0)"
207.46.13.0 - - [01/Nov/2016:03:39:46 +0100] "GET /robots.txt HTTP/1.1" 200 32 "-" "Mozilla/5.0 (compatible; bingbot/2.0; +http://www.bing.com/bingbot.htm)"
40.77.167.0 - - [01/Nov/2016:03:40:40 +0100] "GET /clubheft.pdf HTTP/1.1" 200 3299877 "-" "Mozilla/5.0 (iPhone; CPU iPhone OS 7_0 like Mac OS X) AppleWebKit/537.51.1 (KHTML, like Gecko) Version/7.0 Mobile/11A465 Safari/9537.53 (compatible; bingbot/2.0; +http://www.bing.com/bingbot.htm)"
2a01:4f8:120:: - - [01/Nov/2016:04:00:01 +0100] "GET /cron.php HTTP/1.1" 301 309 "-" "curl/7.38.0"
2a01:4f8:120:: - - [01/Nov/2016:04:00:02 +0100] "GET /cron.php HTTP/1.1" 404 280 "-" "curl/7.38.0"
66.249.76.0 - - [01/Nov/2016:04:23:29 +0100] "GET /apple-app-site-association HTTP/1.1" 404 298 "-" "Mozilla/5.0 (compatible; Googlebot/2.1; +http://www.google.com/bot.html)"
66.249.76.0 - - [01/Nov/2016:04:24:07 +0100] "GET /.well-known/apple-app-site-association HTTP/1.1" 404 310 "-" "Mozilla/5.0 (compatible; Googlebot/2.1; +http://www.google.com/bot.html)"
46.165.197.0 - - [01/Nov/2016:04:34:16 +0100] "GET /robots.txt HTTP/1.1" 200 32 "-" "Mozilla/5.0 (compatible; MJ12bot/v1.4.6; http://mj12bot.com/)"
46.165.197.0 - - [01/Nov/2016:04:34:18 +0100] "GET / HTTP/1.1" 200 18772 "-" "Mozilla/5.0 (compatible; MJ12bot/v1.4.6; http://mj12bot.com/)"
46.165.197.0 - - [01/Nov/2016:04:34:19 +0100] "GET /robots.txt HTTP/1.1" 301 311 "-" "Mozilla/5.0 (compatible; MJ12bot/v1.4.6; http://mj12bot.com/)"
46.165.197.0 - - [01/Nov/2016:04:34:20 +0100] "GET /robots.txt HTTP/1.1" 200 32 "-" "Mozilla/5.0 (compatible; MJ12bot/v1.4.6; http://mj12bot.com/)"
46.165.197.0 - - [01/Nov/2016:04:34:21 +0100] "GET / HTTP/1.1" 301 301 "-" "Mozilla/5.0 (compatible; MJ12bot/v1.4.6; http://mj12bot.com/)"
46.165.197.0 - - [01/Nov/2016:04:34:23 +0100] "GET / HTTP/1.1" 200 18772 "-" "Mozilla/5.0 (compatible; MJ12bot/v1.4.6; http://mj12bot.com/)"
2a01:4f8:120:: - - [01/Nov/2016:05:00:01 +0100] "GET /cron.php HTTP/1.1" 301 309 "-" "curl/7.38.0"
2a01:4f8:120:: - - [01/Nov/2016:05:00:01 +0100] "GET /cron.php HTTP/1.1" 404 280 "-" "curl/7.38.0"
176.8.88.0 - - [01/Nov/2016:05:36:13 +0100] "GET /50/ HTTP/1.1" 200 12848 "http://handicapbathtubarea.com/" "Mozilla/4.0 (compatible; MSIE 6.0; Windows NT 5.1; SV1; .NET CLR 1.1.4322; XMPP Tiscali Communicator v.10.0.2; .NET CLR 2.0.50727)"
176.8.88.0 - - [01/Nov/2016:05:36:13 +0100] "GET /50/ HTTP/1.1" 200 12848 "http://autorn.ru/" "Mozilla/4.0 (compatible; MSIE 6.0; Windows NT 5.1; SV1; .NET CLR 1.1.4322; XMPP Tiscali Communicator v.10.0.2; .NET CLR 2.0.50727)"
176.8.88.0 - - [01/Nov/2016:05:36:13 +0100] "GET /50/ HTTP/1.1" 200 12848 "http://handicapbathtubarea.com/" "Mozilla/4.0 (compatible; MSIE 6.0; Windows NT 5.1; SV1; .NET CLR 1.1.4322; XMPP Tiscali Communicator v.10.0.2; .NET CLR 2.0.50727)"
176.8.88.0 - - [01/Nov/2016:05:36:14 +0100] "GET /50/ HTTP/1.1" 200 12848 "http://handicapbathtubarea.com/" "Mozilla/4.0 (compatible; MSIE 6.0; Windows NT 5.1; SV1; .NET CLR 1.1.4322; XMPP Tiscali Communicator v.10.0.2; .NET CLR 2.0.50727)"
176.8.88.0 - - [01/Nov/2016:05:36:14 +0100] "GET /50/ HTTP/1.1" 200 12848 "http://autorn.ru/" "Mozilla/4.0 (compatible; MSIE 6.0; Windows NT 5.1; SV1; .NET CLR 1.1.4322; XMPP Tiscali Communicator v.10.0.2; .NET CLR 2.0.50727)"
176.8.88.0 - - [01/Nov/2016:05:36:14 +0100] "GET /50/ HTTP/1.1" 200 12848 "http://autorn.ru/" "Mozilla/4.0 (compatible; MSIE 6.0; Windows NT 5.1; SV1; .NET CLR 1.1.4322; XMPP Tiscali Communicator v.10.0.2; .NET CLR 2.0.50727)"
2a01:4f8:120:: - - [01/Nov/2016:06:00:01 +0100] "GET /cron.php HTTP/1.1" 301 309 "-" "curl/7.38.0"
2a01:4f8:120:: - - [01/Nov/2016:06:00:02 +0100] "GET /cron.php HTTP/1.1" 404 280 "-" "curl/7.38.0"
62.138.0.0 - - [01/Nov/2016:06:20:07 +0100] "GET /robots.txt HTTP/1.1" 200 32 "-" "Mozilla/5.0 (compatible; seoscanners.net/1; +spider@seoscanners.net)"
62.138.0.0 - - [01/Nov/2016:06:20:07 +0100] "GET /archiv/archiv2.html HTTP/1.1" 200 14830 "-" "Mozilla/5.0 (compatible; seoscanners.net/1; +spider@seoscanners.net)"
157.55.39.0 - - [01/Nov/2016:06:38:00 +0100] "GET /archiv/clubheft-v1.pdf HTTP/1.1" 200 11433148 "-" "Mozilla/5.0 (iPhone; CPU iPhone OS 7_0 like Mac OS X) AppleWebKit/537.51.1 (KHTML, like Gecko) Version/7.0 Mobile/11A465 Safari/9537.53 (compatible; bingbot/2.0; +http://www.bing.com/bingbot.htm)"
2a01:4f8:120:: - - [01/Nov/2016:07:00:01 +0100] "GET /cron.php HTTP/1.1" 301 309 "-" "curl/7.38.0"
2a01:4f8:120:: - - [01/Nov/2016:07:00:01 +0100] "GET /cron.php HTTP/1.1" 404 280 "-" "curl/7.38.0"
40.77.167.0 - - [01/Nov/2016:07:06:07 +0100] "GET / HTTP/1.1" 301 301 "-" "Mozilla/5.0 (compatible; bingbot/2.0; +http://www.bing.com/bingbot.htm)"
62.138.0.0 - - [01/Nov/2016:07:10:15 +0100] "GET /robots.txt HTTP/1.1" 200 32 "-" "Mozilla/5.0 (compatible; seoscanners.net/1; +spider@seoscanners.net)"
62.138.0.0 - - [01/Nov/2016:07:10:15 +0100] "GET /archiv/clubheft-v2.pdf HTTP/1.1" 200 5090972 "-" "Mozilla/5.0 (compatible; seoscanners.net/1; +spider@seoscanners.net)"
157.55.12.0 - - [01/Nov/2016:07:39:44 +0100] "GET /archiv/clubheft-v1.pdf HTTP/1.1" 200 11433148 "-" "Mozilla/5.0 (iPhone; CPU iPhone OS 7_0 like Mac OS X) AppleWebKit/537.51.1 (KHTML, like Gecko) Version/7.0 Mobile/11A465 Safari/9537.53 BingPreview/1.0b"
40.77.169.0 - - [01/Nov/2016:07:40:33 +0100] "GET /archiv/clubheft-v50.pdf HTTP/1.1" 200 3299877 "-" "Mozilla/5.0 (Windows NT 10.0; WOW64) AppleWebKit/537.36 (KHTML, like Gecko) Chrome/52.0.2743.116 Safari/537.36"
85.25.210.0 - - [01/Nov/2016:07:50:29 +0100] "GET /robots.txt HTTP/1.1" 200 32 "-" "Mozilla/5.0 (compatible; seoscanners.net/1; +spider@seoscanners.net)"
85.25.210.0 - - [01/Nov/2016:07:50:31 +0100] "GET /archiv/clubheft-v50.pdf HTTP/1.1" 200 3299877 "-" "Mozilla/5.0 (compatible; seoscanners.net/1; +spider@seoscanners.net)"
2a01:4f8:120:: - - [01/Nov/2016:08:00:01 +0100] "GET /cron.php HTTP/1.1" 301 309 "-" "curl/7.38.0"
2a01:4f8:120:: - - [01/Nov/2016:08:00:02 +0100] "GET /cron.php HTTP/1.1" 404 280 "-" "curl/7.38.0"
207.46.13.0 - - [01/Nov/2016:08:09:46 +0100] "GET /robots.txt HTTP/1.1" 200 32 "-" "Mozilla/5.0 (compatible; bingbot/2.0; +http://www.bing.com/bingbot.htm)"
91.200.12.0 - - [01/Nov/2016:08:32:13 +0100] "GET /wp-login.php HTTP/1.1" 404 283 "http://vdsc.de/wp-login.php" "Mozilla/4.0 (compatible; MSIE 9.0; Windows NT 6.1; 125LA; .NET CLR 2.0.50727; .NET CLR 3.0.04506.648; .NET CLR 3.5.21022)"
91.200.12.0 - - [01/Nov/2016:08:32:13 +0100] "GET /wp-login.php HTTP/1.1" 404 283 "http://vdsc.de/wp-login.php" "Mozilla/4.0 (compatible; MSIE 9.0; Windows NT 6.1; 125LA; .NET CLR 2.0.50727; .NET CLR 3.0.04506.648; .NET CLR 3.5.21022)"
62.138.0.0 - - [01/Nov/2016:08:35:34 +0100] "GET /robots.txt HTTP/1.1" 200 32 "-" "Mozilla/5.0 (compatible; seoscanners.net/1; +spider@seoscanners.net)"
62.138.0.0 - - [01/Nov/2016:08:35:34 +0100] "GET /archiv/archiv2.html HTTP/1.1" 200 14830 "-" "Mozilla/5.0 (compatible; seoscanners.net/1; +spider@seoscanners.net)"
2a01:4f8:120:: - - [01/Nov/2016:09:00:01 +0100] "GET /cron.php HTTP/1.1" 301 309 "-" "curl/7.38.0"
2a01:4f8:120:: - - [01/Nov/2016:09:00:01 +0100] "GET /cron.php HTTP/1.1" 404 280 "-" "curl/7.38.0"
138.201.71.0 - - [01/Nov/2016:09:43:50 +0100] "GET / HTTP/1.1" 200 18772 "-" "Java/1.4.1_04"
138.201.71.0 - - [01/Nov/2016:09:43:50 +0100] "GET /50 HTTP/1.1" 301 299 "-" "Java/1.4.1_04"
138.201.71.0 - - [01/Nov/2016:09:43:50 +0100] "GET /50/ HTTP/1.1" 200 12848 "-" "Java/1.4.1_04"
138.201.71.0 - - [01/Nov/2016:09:43:50 +0100] "GET /archiv/archiv1.html HTTP/1.1" 200 18732 "-" "Java/1.4.1_04"
138.201.71.0 - - [01/Nov/2016:09:43:51 +0100] "GET /data:;base64,iVBORw0KGgo= HTTP/1.1" 404 296 "-" "Java/1.4.1_04"
138.201.71.0 - - [01/Nov/2016:09:43:51 +0100] "GET /archiv/archiv2.html HTTP/1.1" 200 14830 "-" "Java/1.4.1_04"
138.201.71.0 - - [01/Nov/2016:09:43:51 +0100] "GET /downloads/dresdner_studentenclubs_uebersicht_map.png HTTP/1.1" 404 323 "-" "Java/1.4.1_04"
138.201.71.0 - - [01/Nov/2016:09:43:51 +0100] "GET //exma.de/6070176 HTTP/1.1" 404 286 "-" "Java/1.4.1_04"
138.201.71.0 - - [01/Nov/2016:09:43:51 +0100] "GET /archiv/./files/logo.png HTTP/1.1" 200 4006 "-" "Java/1.4.1_04"
138.201.71.0 - - [01/Nov/2016:09:43:51 +0100] "GET //dresdner-studententage.de/2014/veranstaltungen HTTP/1.1" 404 317 "-" "Java/1.4.1_04"
138.201.71.0 - - [01/Nov/2016:09:43:51 +0100] "GET /https://www.exmatrikulationsamt.de/eseclubtour HTTP/1.1" 404 317 "-" "Java/1.4.1_04"
138.201.71.0 - - [01/Nov/2016:09:43:51 +0100] "GET /50/https://www.facebook.com/events/594848867292254 HTTP/1.1" 404 - "-" "Java/1.4.1_04"
46.228.134.0 - - [01/Nov/2016:09:49:14 +0100] "GET / HTTP/1.0" 301 301 "-" "Mozilla/5.0 (Windows NT 6.3; WOW64) AppleWebKit/537.36 (KHTML, like Gecko) Chrome/36.0.1985.143 Safari/537.36"
2a01:4f8:120:: - - [01/Nov/2016:10:00:02 +0100] "GET /cron.php HTTP/1.1" 301 309 "-" "curl/7.38.0"
2a01:4f8:120:: - - [01/Nov/2016:10:00:02 +0100] "GET /cron.php HTTP/1.1" 404 280 "-" "curl/7.38.0"
157.55.39.0 - - [01/Nov/2016:10:09:25 +0100] "GET /archiv/clubheft-v2.pdf HTTP/1.1" 200 5090972 "-" "Mozilla/5.0 (iPhone; CPU iPhone OS 7_0 like Mac OS X) AppleWebKit/537.51.1 (KHTML, like Gecko) Version/7.0 Mobile/11A465 Safari/9537.53 (compatible; bingbot/2.0; +http://www.bing.com/bingbot.htm)"
207.46.13.0 - - [01/Nov/2016:10:22:11 +0100] "GET /archiv/clubheft-v3.pdf HTTP/1.1" 200 4490288 "-" "Mozilla/5.0 (iPhone; CPU iPhone OS 7_0 like Mac OS X) AppleWebKit/537.51.1 (KHTML, like Gecko) Version/7.0 Mobile/11A465 Safari/9537.53 (compatible; bingbot/2.0; +http://www.bing.com/bingbot.htm)"
192.0.113.0 - - [01/Nov/2016:10:52:56 +0100] "GET / HTTP/1.1" 301 301 "-" "Mozilla/5.0 (X11; Linux x86_64) AppleWebKit/537.36 (KHTML, like Gecko) WordPress.com mShots Safari/537.36"
192.0.113.0 - - [01/Nov/2016:10:52:57 +0100] "GET / HTTP/1.1" 200 18772 "-" "Mozilla/5.0 (X11; Linux x86_64) AppleWebKit/537.36 (KHTML, like Gecko) WordPress.com mShots Safari/537.36"
192.0.113.0 - - [01/Nov/2016:10:52:58 +0100] "GET /fonts/titillium/stylesheet.css HTTP/1.1" 200 4236 "https://vdsc.de/" "Mozilla/5.0 (X11; Linux x86_64) AppleWebKit/537.36 (KHTML, like Gecko) WordPress.com mShots Safari/537.36"
192.0.113.0 - - [01/Nov/2016:10:52:58 +0100] "GET /css/main.css HTTP/1.1" 200 3474 "https://vdsc.de/" "Mozilla/5.0 (X11; Linux x86_64) AppleWebKit/537.36 (KHTML, like Gecko) WordPress.com mShots Safari/537.36"
192.0.113.0 - - [01/Nov/2016:10:52:58 +0100] "GET /css/normalize.min.css HTTP/1.1" 200 2502 "https://vdsc.de/" "Mozilla/5.0 (X11; Linux x86_64) AppleWebKit/537.36 (KHTML, like Gecko) WordPress.com mShots Safari/537.36"
192.0.113.0 - - [01/Nov/2016:10:52:58 +0100] "GET /fonts/titillium/titillium-regular-webfont.woff HTTP/1.1" 200 29840 "https://vdsc.de/" "Mozilla/5.0 (X11; Linux x86_64) AppleWebKit/537.36 (KHTML, like Gecko) WordPress.com mShots Safari/537.36"
192.0.113.0 - - [01/Nov/2016:10:52:58 +0100] "GET /fonts/titillium/titillium-semibold-webfont.woff HTTP/1.1" 200 29892 "https://vdsc.de/" "Mozilla/5.0 (X11; Linux x86_64) AppleWebKit/537.36 (KHTML, like Gecko) WordPress.com mShots Safari/537.36"
2a01:4f8:120:: - - [01/Nov/2016:11:00:01 +0100] "GET /cron.php HTTP/1.1" 301 309 "-" "curl/7.38.0"
2a01:4f8:120:: - - [01/Nov/2016:11:00:02 +0100] "GET /cron.php HTTP/1.1" 404 280 "-" "curl/7.38.0"
66.249.76.0 - - [01/Nov/2016:11:01:13 +0100] "GET /robots.txt HTTP/1.1" 301 311 "-" "Mozilla/5.0 (compatible; Googlebot/2.1; +http://www.google.com/bot.html)"
66.249.76.0 - - [01/Nov/2016:11:01:14 +0100] "GET /robots.txt HTTP/1.1" 200 32 "-" "Mozilla/5.0 (compatible; Googlebot/2.1; +http://www.google.com/bot.html)"
66.249.76.0 - - [01/Nov/2016:11:01:14 +0100] "GET / HTTP/1.1" 301 301 "-" "Mozilla/5.0 (Linux; Android 6.0.1; Nexus 5X Build/MMB29P) AppleWebKit/537.36 (KHTML, like Gecko) Chrome/41.0.2272.96 Mobile Safari/537.36 (compatible; Googlebot/2.1; +http://www.google.com/bot.html)"
66.249.76.0 - - [01/Nov/2016:11:01:14 +0100] "GET / HTTP/1.1" 200 18772 "-" "Mozilla/5.0 (Linux; Android 6.0.1; Nexus 5X Build/MMB29P) AppleWebKit/537.36 (KHTML, like Gecko) Chrome/41.0.2272.96 Mobile Safari/537.36 (compatible; Googlebot/2.1; +http://www.google.com/bot.html)"
131.253.27.0 - - [01/Nov/2016:11:10:55 +0100] "GET /archiv/clubheft-v2.pdf HTTP/1.1" 200 5090972 "-" "Mozilla/5.0 (iPhone; CPU iPhone OS 7_0 like Mac OS X) AppleWebKit/537.51.1 (KHTML, like Gecko) Version/7.0 Mobile/11A465 Safari/9537.53 BingPreview/1.0b"
199.30.24.0 - - [01/Nov/2016:11:23:38 +0100] "GET /archiv/clubheft-v3.pdf HTTP/1.1" 200 4490288 "-" "Mozilla/5.0 (iPhone; CPU iPhone OS 7_0 like Mac OS X) AppleWebKit/537.51.1 (KHTML, like Gecko) Version/7.0 Mobile/11A465 Safari/9537.53 BingPreview/1.0b"
180.76.15.0 - - [01/Nov/2016:11:28:27 +0100] "GET /archiv/archiv1.html HTTP/1.1" 200 18732 "-" "Mozilla/5.0 (compatible; Baiduspider/2.0; +http://www.baidu.com/search/spider.html)"
178.137.95.0 - - [01/Nov/2016:11:56:49 +0100] "GET /50/ HTTP/1.1" 200 12848 "http://www.eloxal.ru/" "Mozilla/3.0 (x86 [en] Windows NT 5.1; Sun)"
178.137.95.0 - - [01/Nov/2016:11:56:49 +0100] "GET /50/ HTTP/1.1" 200 12848 "http://www.eloxal.ru/" "Mozilla/3.0 (x86 [en] Windows NT 5.1; Sun)"
178.137.95.0 - - [01/Nov/2016:11:56:50 +0100] "GET /50/ HTTP/1.1" 200 12848 "http://www.eloxal.ru/" "Mozilla/3.0 (x86 [en] Windows NT 5.1; Sun)"
2a01:4f8:120:: - - [01/Nov/2016:12:00:01 +0100] "GET /cron.php HTTP/1.1" 301 309 "-" "curl/7.38.0"
2a01:4f8:120:: - - [01/Nov/2016:12:00:01 +0100] "GET /cron.php HTTP/1.1" 404 280 "-" "curl/7.38.0"
46.119.118.0 - - [01/Nov/2016:12:19:17 +0100] "GET /50/ HTTP/1.1" 200 12848 "http://www.photorepair.ru/" "Mozilla/4.0 (compatible; MSIE 6.0; Windows NT 5.2; WOW64; SV1; .NET CLR 2.0.50727)"
46.119.118.0 - - [01/Nov/2016:12:19:18 +0100] "GET /50/ HTTP/1.1" 200 12848 "http://www.photorepair.ru/" "Mozilla/4.0 (compatible; MSIE 6.0; Windows NT 5.2; WOW64; SV1; .NET CLR 2.0.50727)"
46.119.118.0 - - [01/Nov/2016:12:19:18 +0100] "GET /50/ HTTP/1.1" 200 12848 "http://www.photorepair.ru/" "Mozilla/4.0 (compatible; MSIE 6.0; Windows NT 5.2; WOW64; SV1; .NET CLR 2.0.50727)"
62.138.0.0 - - [01/Nov/2016:12:52:59 +0100] "GET /robots.txt HTTP/1.1" 200 32 "-" "Mozilla/5.0 (compatible; seoscanners.net/1; +spider@seoscanners.net)"
62.138.0.0 - - [01/Nov/2016:12:52:59 +0100] "GET /downloads/dresdner_studentenclubs_uebersicht_map.png HTTP/1.1" 404 323 "-" "Mozilla/5.0 (compatible; seoscanners.net/1; +spider@seoscanners.net)"
2a01:4f8:120:: - - [01/Nov/2016:13:00:02 +0100] "GET /cron.php HTTP/1.1" 301 309 "-" "curl/7.38.0"
2a01:4f8:120:: - - [01/Nov/2016:13:00:02 +0100] "GET /cron.php HTTP/1.1" 404 280 "-" "curl/7.38.0"
176.8.88.0 - - [01/Nov/2016:13:32:51 +0100] "GET /50/ HTTP/1.1" 200 12848 "http://meduza-consult.ru/" "Mozilla/1.22 (compatible; MSIE 2.0d; Windows NT)"
176.8.88.0 - - [01/Nov/2016:13:32:51 +0100] "GET /50/ HTTP/1.1" 200 12848 "http://meduza-consult.ru/" "Mozilla/1.22 (compatible; MSIE 2.0d; Windows NT)"
176.8.88.0 - - [01/Nov/2016:13:32:51 +0100] "GET /50/ HTTP/1.1" 200 12848 "http://meduza-consult.ru/" "Mozilla/1.22 (compatible; MSIE 2.0d; Windows NT)"
207.46.13.0 - - [01/Nov/2016:13:59:44 +0100] "GET /robots.txt HTTP/1.1" 301 311 "-" "Mozilla/5.0 (compatible; bingbot/2.0; +http://www.bing.com/bingbot.htm)"
207.46.13.0 - - [01/Nov/2016:13:59:46 +0100] "GET /robots.txt HTTP/1.1" 200 32 "-" "Mozilla/5.0 (compatible; bingbot/2.0; +http://www.bing.com/bingbot.htm)"
157.55.39.0 - - [01/Nov/2016:13:59:49 +0100] "GET / HTTP/1.1" 301 301 "-" "Mozilla/5.0 (compatible; bingbot/2.0; +http://www.bing.com/bingbot.htm)"
2a01:4f8:120:: - - [01/Nov/2016:14:00:01 +0100] "GET /cron.php HTTP/1.1" 301 309 "-" "curl/7.38.0"
2a01:4f8:120:: - - [01/Nov/2016:14:00:02 +0100] "GET /cron.php HTTP/1.1" 404 280 "-" "curl/7.38.0"
160.238.76.0 - - [01/Nov/2016:14:02:37 +0100] "GET /wp-login.php HTTP/1.1" 404 283 "-" "Mozilla/5.0 (Windows NT 6.1; WOW64; rv:40.0) Gecko/20100101 Firefox/40.1"
160.238.76.0 - - [01/Nov/2016:14:02:38 +0100] "GET / HTTP/1.1" 200 18772 "-" "Mozilla/5.0 (Windows NT 6.1; WOW64; rv:40.0) Gecko/20100101 Firefox/40.1"
180.76.15.0 - - [01/Nov/2016:14:04:28 +0100] "GET / HTTP/1.1" 304 - "-" "Mozilla/5.0 (compatible; Baiduspider/2.0; +http://www.baidu.com/search/spider.html)"
209.126.117.0 - - [01/Nov/2016:14:09:57 +0100] "GET / HTTP/1.1" 200 18772 "-" "Mozilla/5.0 (Windows NT 5.1; rv:5.0.1) Gecko/20100101 Firefox/5.0.1"
207.46.13.0 - - [01/Nov/2016:14:19:00 +0100] "GET /robots.txt HTTP/1.1" 200 32 "-" "Mozilla/5.0 (compatible; bingbot/2.0; +http://www.bing.com/bingbot.htm)"
