141.30.225.0 - - [30/Oct/2016:00:33:52 +0200] "GET /clubheft.pdf HTTP/1.1" 200 3299877 "https://www.google.de/" "Mozilla/5.0 (Windows NT 10.0) AppleWebKit/537.36 (KHTML, like Gecko) Chrome/53.0.2785.143 Safari/537.36"
141.30.225.0 - - [30/Oct/2016:00:33:54 +0200] "GET /favicon.ico HTTP/1.1" 404 283 "https://vdsc.de/clubheft.pdf" "Mozilla/5.0 (Windows NT 10.0) AppleWebKit/537.36 (KHTML, like Gecko) Chrome/53.0.2785.143 Safari/537.36"
141.30.225.0 - - [30/Oct/2016:00:33:56 +0200] "GET /clubheft.pdf HTTP/1.1" 206 408101 "https://vdsc.de/clubheft.pdf" "Mozilla/5.0 (Windows NT 10.0) AppleWebKit/537.36 (KHTML, like Gecko) Chrome/53.0.2785.143 Safari/537.36"
2a01:4f8:120:: - - [30/Oct/2016:01:00:01 +0200] "GET /cron.php HTTP/1.1" 301 309 "-" "curl/7.38.0"
2a01:4f8:120:: - - [30/Oct/2016:01:00:02 +0200] "GET /cron.php HTTP/1.1" 404 280 "-" "curl/7.38.0"
178.203.233.0 - - [30/Oct/2016:01:18:57 +0200] "GET / HTTP/1.1" 301 301 "-" "Mozilla/5.0 (Windows NT 10.0; WOW64) AppleWebKit/537.36 (KHTML, like Gecko) Chrome/54.0.2840.71 Safari/537.36"
178.203.233.0 - - [30/Oct/2016:01:19:03 +0200] "GET / HTTP/1.1" 200 18772 "-" "Mozilla/5.0 (Windows NT 10.0; WOW64) AppleWebKit/537.36 (KHTML, like Gecko) Chrome/54.0.2840.71 Safari/537.36"
178.203.233.0 - - [30/Oct/2016:01:19:03 +0200] "GET /css/normalize.min.css HTTP/1.1" 200 2502 "https://vdsc.de/" "Mozilla/5.0 (Windows NT 10.0; WOW64) AppleWebKit/537.36 (KHTML, like Gecko) Chrome/54.0.2840.71 Safari/537.36"
178.203.233.0 - - [30/Oct/2016:01:19:03 +0200] "GET /css/main.css HTTP/1.1" 200 3474 "https://vdsc.de/" "Mozilla/5.0 (Windows NT 10.0; WOW64) AppleWebKit/537.36 (KHTML, like Gecko) Chrome/54.0.2840.71 Safari/537.36"
178.203.233.0 - - [30/Oct/2016:01:19:03 +0200] "GET /fonts/titillium/stylesheet.css HTTP/1.1" 200 4236 "https://vdsc.de/" "Mozilla/5.0 (Windows NT 10.0; WOW64) AppleWebKit/537.36 (KHTML, like Gecko) Chrome/54.0.2840.71 Safari/537.36"
178.203.233.0 - - [30/Oct/2016:01:19:03 +0200] "GET /fonts/titillium/titillium-regular-webfont.woff HTTP/1.1" 200 29840 "https://vdsc.de/fonts/titillium/stylesheet.css" "Mozilla/5.0 (Windows NT 10.0; WOW64) AppleWebKit/537.36 (KHTML, like Gecko) Chrome/54.0.2840.71 Safari/537.36"
178.203.233.0 - - [30/Oct/2016:01:19:03 +0200] "GET /fonts/titillium/titillium-semibold-webfont.woff HTTP/1.1" 200 29892 "https://vdsc.de/fonts/titillium/stylesheet.css" "Mozilla/5.0 (Windows NT 10.0; WOW64) AppleWebKit/537.36 (KHTML, like Gecko) Chrome/54.0.2840.71 Safari/537.36"
2a01:4f8:120:: - - [30/Oct/2016:02:00:02 +0200] "GET /cron.php HTTP/1.1" 301 309 "-" "curl/7.38.0"
2a01:4f8:120:: - - [30/Oct/2016:02:00:02 +0200] "GET /cron.php HTTP/1.1" 404 280 "-" "curl/7.38.0"
2a01:4f8:120:: - - [30/Oct/2016:02:00:01 +0100] "GET /cron.php HTTP/1.1" 301 309 "-" "curl/7.38.0"
2a01:4f8:120:: - - [30/Oct/2016:02:00:01 +0100] "GET /cron.php HTTP/1.1" 404 280 "-" "curl/7.38.0"
157.55.39.0 - - [30/Oct/2016:02:04:23 +0100] "GET /robots.txt HTTP/1.1" 301 311 "-" "Mozilla/5.0 (compatible; bingbot/2.0; +http://www.bing.com/bingbot.htm)"
157.55.39.0 - - [30/Oct/2016:02:04:23 +0100] "GET / HTTP/1.1" 301 301 "-" "Mozilla/5.0 (compatible; bingbot/2.0; +http://www.bing.com/bingbot.htm)"
157.55.39.0 - - [30/Oct/2016:02:04:25 +0100] "GET /robots.txt HTTP/1.1" 200 32 "-" "Mozilla/5.0 (compatible; bingbot/2.0; +http://www.bing.com/bingbot.htm)"
207.46.13.0 - - [30/Oct/2016:02:41:30 +0100] "GET /robots.txt HTTP/1.1" 200 32 "-" "Mozilla/5.0 (compatible; bingbot/2.0; +http://www.bing.com/bingbot.htm)"
207.46.13.0 - - [30/Oct/2016:02:41:31 +0100] "GET /archiv/clubheft-v50.pdf HTTP/1.1" 200 3299877 "-" "Mozilla/5.0 (compatible; bingbot/2.0; +http://www.bing.com/bingbot.htm)"
157.55.39.0 - - [30/Oct/2016:02:41:42 +0100] "GET /clubheft.pdf HTTP/1.1" 200 3299877 "-" "Mozilla/5.0 (compatible; bingbot/2.0; +http://www.bing.com/bingbot.htm)"
157.55.39.0 - - [30/Oct/2016:02:41:42 +0100] "GET /50/ HTTP/1.1" 200 12848 "-" "Mozilla/5.0 (compatible; bingbot/2.0; +http://www.bing.com/bingbot.htm)"
207.46.13.0 - - [30/Oct/2016:02:42:59 +0100] "GET /node/14 HTTP/1.1" 404 278 "-" "Mozilla/5.0 (compatible; bingbot/2.0; +http://www.bing.com/bingbot.htm)"
66.249.76.0 - - [30/Oct/2016:02:46:20 +0100] "GET /robots.txt HTTP/1.1" 200 32 "-" "Mozilla/5.0 (compatible; Googlebot/2.1; +http://www.google.com/bot.html)"
66.249.76.0 - - [30/Oct/2016:02:46:20 +0100] "GET /50/scripts/d41d8cd9.main.js HTTP/1.1" 200 - "http://vdsc.de/50/" "Mozilla/5.0 (compatible; Googlebot/2.1; +http://www.google.com/bot.html)"
66.249.69.0 - - [30/Oct/2016:02:46:20 +0100] "GET /fonts/titillium/stylesheet.css HTTP/1.1" 200 4236 "http://vdsc.de/50/" "Mozilla/5.0 (compatible; Googlebot/2.1; +http://www.google.com/bot.html)"
66.249.69.0 - - [30/Oct/2016:02:46:21 +0100] "GET /50/scripts/vendor/4038d71f.modernizr.js HTTP/1.1" 200 8693 "http://vdsc.de/50/" "Mozilla/5.0 (compatible; Googlebot/2.1; +http://www.google.com/bot.html)"
66.249.76.0 - - [30/Oct/2016:02:46:21 +0100] "GET /50/scripts/4776dee8.vendor.js HTTP/1.1" 200 96459 "http://vdsc.de/50/" "Mozilla/5.0 (compatible; Googlebot/2.1; +http://www.google.com/bot.html)"
66.249.76.0 - - [30/Oct/2016:02:46:22 +0100] "GET /50/styles/7058cc5a.main.css HTTP/1.1" 200 8489 "http://vdsc.de/50/" "Mozilla/5.0 (compatible; Googlebot/2.1; +http://www.google.com/bot.html)"
2a01:4f8:120:: - - [30/Oct/2016:03:00:01 +0100] "GET /cron.php HTTP/1.1" 301 309 "-" "curl/7.38.0"
2a01:4f8:120:: - - [30/Oct/2016:03:00:02 +0100] "GET /cron.php HTTP/1.1" 404 280 "-" "curl/7.38.0"
66.249.76.0 - - [30/Oct/2016:03:45:40 +0100] "GET / HTTP/1.1" 200 18772 "-" "SAMSUNG-SGH-E250/1.0 Profile/MIDP-2.0 Configuration/CLDC-1.1 UP.Browser/6.2.3.3.c.1.101 (GUI) MMP/2.0 (compatible; Googlebot-Mobile/2.1; +http://www.google.com/bot.html)"
207.46.13.0 - - [30/Oct/2016:03:53:25 +0100] "GET /clubheft.pdf HTTP/1.1" 200 3299877 "-" "Mozilla/5.0 (iPhone; CPU iPhone OS 7_0 like Mac OS X) AppleWebKit/537.51.1 (KHTML, like Gecko) Version/7.0 Mobile/11A465 Safari/9537.53 (compatible; bingbot/2.0; +http://www.bing.com/bingbot.htm)"
2a01:4f8:120:: - - [30/Oct/2016:04:00:01 +0100] "GET /cron.php HTTP/1.1" 301 309 "-" "curl/7.38.0"
2a01:4f8:120:: - - [30/Oct/2016:04:00:02 +0100] "GET /cron.php HTTP/1.1" 404 280 "-" "curl/7.38.0"
66.249.76.0 - - [30/Oct/2016:04:38:45 +0100] "GET / HTTP/1.1" 301 301 "-" "Mozilla/5.0 (compatible; Googlebot/2.1; +http://www.google.com/bot.html)"
66.249.69.0 - - [30/Oct/2016:04:38:45 +0100] "GET /robots.txt HTTP/1.1" 200 32 "-" "Mozilla/5.0 (compatible; Googlebot/2.1; +http://www.google.com/bot.html)"
66.249.76.0 - - [30/Oct/2016:04:38:46 +0100] "GET / HTTP/1.1" 200 18772 "-" "Mozilla/5.0 (compatible; Googlebot/2.1; +http://www.google.com/bot.html)"
66.249.69.0 - - [30/Oct/2016:04:56:20 +0100] "GET / HTTP/1.1" 200 18772 "-" "DoCoMo/2.0 N905i(c100;TB;W24H16) (compatible; Googlebot-Mobile/2.1; +http://www.google.com/bot.html)"
2a01:4f8:120:: - - [30/Oct/2016:05:00:01 +0100] "GET /cron.php HTTP/1.1" 301 309 "-" "curl/7.38.0"
2a01:4f8:120:: - - [30/Oct/2016:05:00:01 +0100] "GET /cron.php HTTP/1.1" 404 280 "-" "curl/7.38.0"
66.249.75.0 - - [30/Oct/2016:05:30:16 +0100] "GET / HTTP/1.1" 301 301 "-" "DoCoMo/2.0 N905i(c100;TB;W24H16) (compatible; Googlebot-Mobile/2.1; +http://www.google.com/bot.html)"
66.249.69.0 - - [30/Oct/2016:05:30:16 +0100] "GET / HTTP/1.1" 200 18772 "-" "DoCoMo/2.0 N905i(c100;TB;W24H16) (compatible; Googlebot-Mobile/2.1; +http://www.google.com/bot.html)"
66.249.76.0 - - [30/Oct/2016:05:49:57 +0100] "GET / HTTP/1.1" 301 301 "-" "Mozilla/5.0 (compatible; Googlebot/2.1; +http://www.google.com/bot.html)"
66.249.76.0 - - [30/Oct/2016:05:49:58 +0100] "GET / HTTP/1.1" 200 18772 "-" "Mozilla/5.0 (compatible; Googlebot/2.1; +http://www.google.com/bot.html)"
2a01:4f8:120:: - - [30/Oct/2016:06:00:01 +0100] "GET /cron.php HTTP/1.1" 301 309 "-" "curl/7.38.0"
2a01:4f8:120:: - - [30/Oct/2016:06:00:02 +0100] "GET /cron.php HTTP/1.1" 404 280 "-" "curl/7.38.0"
46.119.118.0 - - [30/Oct/2016:06:01:18 +0100] "GET /50/ HTTP/1.1" 200 12848 "http://medicines-choice.com/" "Opera/9.01 (Windows NT 5.1; U; en)"
46.119.118.0 - - [30/Oct/2016:06:01:18 +0100] "GET /50/ HTTP/1.1" 200 12848 "http://medicines-choice.com/" "Opera/9.01 (Windows NT 5.1; U; en)"
46.119.118.0 - - [30/Oct/2016:06:01:19 +0100] "GET /50/ HTTP/1.1" 200 12848 "http://medicines-choice.com/" "Opera/9.01 (Windows NT 5.1; U; en)"
95.221.232.0 - - [30/Oct/2016:06:06:52 +0100] "GET / HTTP/1.1" 200 18772 "http://yandex.ru/clck/jsredir?from=yandex.ru%3Bsearch%3Bweb%3B%3B&text=&etext=1225.PGm6INNpHr7s-VyHyPZEv8vgztGbRMYmLWf3JIwtrig.9e2339cc40a07387215253e9cfddef6644ff3291&uuid=&state=_BLhILn4SxNIvvL0W45KSic66uCIg23qh8iRG98qeIXmeppkgUc0YCYBcIrWNUha-mUlBiA3OhY&data=UlNrNmk5WktYejY4cHFySjRXSWhXT2U1SW9qd3BnWENuNzlMNFZCVnZXT0dvbjhnczhELS1yWkRGd2QwQkt5Q2xfZm5sT2RrTVp6U0kzV3JtaVlQYTRLdHIzQTdMWGZn&b64e=2&sign=7a610948913dbfa186b7c7ae8e072273&keyno=0&cst=AiuY0DBWFJ7IXge4WdYJQe3IrxbPWIv42PU4DvDUKv8ToQa839lEBJeAmxkK2CfOa6tfmHYRYl3SfP0FIto0tSm_2W0LZlUlxNPOHjjavTXTUUmrwRTevqj6Z4WDckJlN8n-SUZJFICaMEZHDV6U_PxSDYZhXQTQ&ref=orjY4mGPRjk5boDnW0uvlrrd71vZw9kp5uQozpMtKCXmyCrj7VrKuHXuDeujifKI-6i1vqRJ9g9qhLcPodiJeH4Y7ZkKnSmZCtYXbAH5svY&l10n=ru&cts=1477803319322&mc=6.68868515818" "Mozilla/5.0 (Windows NT 6.1) AppleWebKit/537.36 (KHTML, like Gecko) Chrome/31.0.1650.63 Safari/537.36"
95.221.232.0 - - [30/Oct/2016:06:06:54 +0100] "GET /css/main.css HTTP/1.1" 200 3474 "https://vdsc.de/" "Mozilla/5.0 (Windows NT 6.1) AppleWebKit/537.36 (KHTML, like Gecko) Chrome/31.0.1650.63 Safari/537.36"
95.221.232.0 - - [30/Oct/2016:06:06:54 +0100] "GET /css/normalize.min.css HTTP/1.1" 200 2502 "https://vdsc.de/" "Mozilla/5.0 (Windows NT 6.1) AppleWebKit/537.36 (KHTML, like Gecko) Chrome/31.0.1650.63 Safari/537.36"
95.221.232.0 - - [30/Oct/2016:06:06:54 +0100] "GET /fonts/titillium/stylesheet.css HTTP/1.1" 200 4236 "https://vdsc.de/" "Mozilla/5.0 (Windows NT 6.1) AppleWebKit/537.36 (KHTML, like Gecko) Chrome/31.0.1650.63 Safari/537.36"
66.249.76.0 - - [30/Oct/2016:06:40:09 +0100] "GET /archiv/files/logo.png HTTP/1.1" 200 4006 "-" "Googlebot-Image/1.0"
192.243.55.0 - - [30/Oct/2016:06:54:54 +0100] "GET /archiv/clubheft-v2.pdf HTTP/1.1" 200 5090972 "-" "Mozilla/5.0 (compatible; SemrushBot/1.1~bl; +http://www.semrush.com/bot.html)"
2a01:4f8:120:: - - [30/Oct/2016:07:00:01 +0100] "GET /cron.php HTTP/1.1" 301 309 "-" "curl/7.38.0"
2a01:4f8:120:: - - [30/Oct/2016:07:00:01 +0100] "GET /cron.php HTTP/1.1" 404 280 "-" "curl/7.38.0"
207.46.13.0 - - [30/Oct/2016:07:05:42 +0100] "GET /robots.txt HTTP/1.1" 200 32 "-" "Mozilla/5.0 (compatible; bingbot/2.0; +http://www.bing.com/bingbot.htm)"
157.55.39.0 - - [30/Oct/2016:07:05:49 +0100] "GET /archiv/clubheft-v1.pdf HTTP/1.1" 200 11433148 "-" "Mozilla/5.0 (iPhone; CPU iPhone OS 7_0 like Mac OS X) AppleWebKit/537.51.1 (KHTML, like Gecko) Version/7.0 Mobile/11A465 Safari/9537.53 (compatible; bingbot/2.0; +http://www.bing.com/bingbot.htm)"
157.55.39.0 - - [30/Oct/2016:07:06:46 +0100] "GET /robots.txt HTTP/1.1" 200 32 "-" "Mozilla/5.0 (compatible; bingbot/2.0; +http://www.bing.com/bingbot.htm)"
178.137.95.0 - - [30/Oct/2016:07:07:11 +0100] "GET /50/ HTTP/1.1" 200 12848 "http://btvn.ru/" "Opera/9.0 (Windows NT 5.1; U; en)"
178.137.95.0 - - [30/Oct/2016:07:07:12 +0100] "GET /50/ HTTP/1.1" 200 12848 "http://btvn.ru/" "Opera/9.0 (Windows NT 5.1; U; en)"
178.137.95.0 - - [30/Oct/2016:07:07:12 +0100] "GET /50/ HTTP/1.1" 200 12848 "http://btvn.ru/" "Opera/9.0 (Windows NT 5.1; U; en)"
66.249.69.0 - - [30/Oct/2016:07:10:11 +0100] "GET / HTTP/1.1" 200 18772 "-" "Mozilla/5.0 (Linux; Android 6.0.1; Nexus 5X Build/MMB29P) AppleWebKit/537.36 (KHTML, like Gecko) Chrome/41.0.2272.96 Mobile Safari/537.36 (compatible; Googlebot/2.1; +http://www.google.com/bot.html)"
66.249.76.0 - - [30/Oct/2016:07:10:13 +0100] "GET /css/main.css HTTP/1.1" 200 3474 "http://vdsc.de/" "Mozilla/5.0 (compatible; Googlebot/2.1; +http://www.google.com/bot.html)"
66.249.76.0 - - [30/Oct/2016:07:10:14 +0100] "GET /css/normalize.min.css HTTP/1.1" 200 2502 "http://vdsc.de/" "Mozilla/5.0 (compatible; Googlebot/2.1; +http://www.google.com/bot.html)"
66.249.76.0 - - [30/Oct/2016:07:25:53 +0100] "GET /50/ HTTP/1.1" 304 - "-" "Mozilla/5.0 (Linux; Android 6.0.1; Nexus 5X Build/MMB29P) AppleWebKit/537.36 (KHTML, like Gecko) Chrome/41.0.2272.96 Mobile Safari/537.36 (compatible; Googlebot/2.1; +http://www.google.com/bot.html)"
176.8.88.0 - - [30/Oct/2016:07:34:26 +0100] "GET /50/ HTTP/1.1" 200 12848 "http://gribkovye-zabolevaniya.com/" "Mozilla/4.0 (compatible; MSIE 6.0; Windows NT) ::ELNSB50::000061100320025802a00111000000000507000900000000"
176.8.88.0 - - [30/Oct/2016:07:34:26 +0100] "GET /50/ HTTP/1.1" 200 12848 "http://gribkovye-zabolevaniya.com/" "Mozilla/4.0 (compatible; MSIE 6.0; Windows NT) ::ELNSB50::000061100320025802a00111000000000507000900000000"
176.8.88.0 - - [30/Oct/2016:07:34:28 +0100] "GET /50/ HTTP/1.1" 200 12848 "http://gribkovye-zabolevaniya.com/" "Mozilla/4.0 (compatible; MSIE 6.0; Windows NT) ::ELNSB50::000061100320025802a00111000000000507000900000000"
144.76.218.0 - - [30/Oct/2016:07:40:54 +0100] "GET / HTTP/1.1" 301 301 "-" "Zend_Http_Client"
144.76.218.0 - - [30/Oct/2016:07:40:54 +0100] "GET / HTTP/1.1" 200 18772 "-" "Zend_Http_Client"
144.76.218.0 - - [30/Oct/2016:07:40:54 +0100] "GET /archiv/archiv1.html HTTP/1.1" 301 320 "-" "Zend_Http_Client"
144.76.218.0 - - [30/Oct/2016:07:40:54 +0100] "GET /archiv/archiv1.html HTTP/1.1" 200 18732 "-" "Zend_Http_Client"
2a01:4f8:120:: - - [30/Oct/2016:08:00:01 +0100] "GET /cron.php HTTP/1.1" 301 309 "-" "curl/7.38.0"
2a01:4f8:120:: - - [30/Oct/2016:08:00:02 +0100] "GET /cron.php HTTP/1.1" 404 280 "-" "curl/7.38.0"
131.253.25.0 - - [30/Oct/2016:08:07:46 +0100] "GET /archiv/clubheft-v1.pdf HTTP/1.1" 200 11433148 "-" "Mozilla/5.0 (iPhone; CPU iPhone OS 7_0 like Mac OS X) AppleWebKit/537.51.1 (KHTML, like Gecko) Version/7.0 Mobile/11A465 Safari/9537.53 BingPreview/1.0b"
180.76.15.0 - - [30/Oct/2016:08:34:10 +0100] "GET /clubheft.pdf HTTP/1.1" 200 3299877 "-" "Mozilla/5.0 (compatible; Baiduspider/2.0; +http://www.baidu.com/search/spider.html)"
66.249.75.0 - - [30/Oct/2016:08:37:07 +0100] "GET /robots.txt HTTP/1.1" 301 311 "-" "Mozilla/5.0 (compatible; Googlebot/2.1; +http://www.google.com/bot.html)"
66.249.76.0 - - [30/Oct/2016:08:37:08 +0100] "GET /robots.txt HTTP/1.1" 200 32 "-" "Mozilla/5.0 (compatible; Googlebot/2.1; +http://www.google.com/bot.html)"
66.249.76.0 - - [30/Oct/2016:08:37:08 +0100] "GET /clubheft.pdf HTTP/1.1" 301 313 "-" "Mozilla/5.0 (Linux; Android 6.0.1; Nexus 5X Build/MMB29P) AppleWebKit/537.36 (KHTML, like Gecko) Chrome/41.0.2272.96 Mobile Safari/537.36 (compatible; Googlebot/2.1; +http://www.google.com/bot.html)"
66.249.76.0 - - [30/Oct/2016:08:37:09 +0100] "GET /clubheft.pdf HTTP/1.1" 200 3299877 "-" "Mozilla/5.0 (Linux; Android 6.0.1; Nexus 5X Build/MMB29P) AppleWebKit/537.36 (KHTML, like Gecko) Chrome/41.0.2272.96 Mobile Safari/537.36 (compatible; Googlebot/2.1; +http://www.google.com/bot.html)"
40.77.169.0 - - [30/Oct/2016:08:38:52 +0100] "GET /archiv/clubheft-v50.pdf HTTP/1.1" 200 3299877 "-" "Mozilla/5.0 (Windows NT 10.0; WOW64) AppleWebKit/537.36 (KHTML, like Gecko) Chrome/52.0.2743.116 Safari/537.36"
2a01:4f8:120:: - - [30/Oct/2016:09:00:01 +0100] "GET /cron.php HTTP/1.1" 301 309 "-" "curl/7.38.0"
2a01:4f8:120:: - - [30/Oct/2016:09:00:01 +0100] "GET /cron.php HTTP/1.1" 404 280 "-" "curl/7.38.0"
199.58.86.0 - - [30/Oct/2016:09:14:37 +0100] "GET /robots.txt HTTP/1.0" 200 32 "-" "Mozilla/5.0 (compatible; MJ12bot/v1.4.5; http://www.majestic12.co.uk/bot.php?+)"
199.58.86.0 - - [30/Oct/2016:09:14:39 +0100] "GET / HTTP/1.0" 200 18772 "-" "Mozilla/5.0 (compatible; MJ12bot/v1.4.5; http://www.majestic12.co.uk/bot.php?+)"
199.58.86.0 - - [30/Oct/2016:09:14:40 +0100] "GET /robots.txt HTTP/1.0" 301 311 "-" "Mozilla/5.0 (compatible; MJ12bot/v1.4.5; http://www.majestic12.co.uk/bot.php?+)"
199.58.86.0 - - [30/Oct/2016:09:14:40 +0100] "GET /robots.txt HTTP/1.0" 200 32 "-" "Mozilla/5.0 (compatible; MJ12bot/v1.4.5; http://www.majestic12.co.uk/bot.php?+)"
199.58.86.0 - - [30/Oct/2016:09:14:43 +0100] "GET / HTTP/1.0" 301 301 "-" "Mozilla/5.0 (compatible; MJ12bot/v1.4.5; http://www.majestic12.co.uk/bot.php?+)"
199.58.86.0 - - [30/Oct/2016:09:14:43 +0100] "GET /robots.txt HTTP/1.0" 200 32 "-" "Mozilla/5.0 (compatible; MJ12bot/v1.4.5; http://www.majestic12.co.uk/bot.php?+)"
199.58.86.0 - - [30/Oct/2016:09:14:45 +0100] "GET / HTTP/1.0" 200 18772 "-" "Mozilla/5.0 (compatible; MJ12bot/v1.4.5; http://www.majestic12.co.uk/bot.php?+)"
66.249.76.0 - - [30/Oct/2016:09:21:42 +0100] "GET /favicon.ico HTTP/1.1" 404 283 "-" "Googlebot-Image/1.0"
2a01:4f8:120:: - - [30/Oct/2016:10:00:01 +0100] "GET /cron.php HTTP/1.1" 301 309 "-" "curl/7.38.0"
2a01:4f8:120:: - - [30/Oct/2016:10:00:01 +0100] "GET /cron.php HTTP/1.1" 404 280 "-" "curl/7.38.0"
23.92.212.0 - - [30/Oct/2016:10:48:49 +0100] "GET / HTTP/1.0" 200 18772 "-" "Mozilla/5.0 (Windows NT 6.1) AppleWebKit/537.36 (KHTML, like Gecko) Chrome/41.0.2228.0 Safari/537.36"
192.243.55.0 - - [30/Oct/2016:10:58:27 +0100] "GET /archiv/clubheft-v50.pdf HTTP/1.1" 301 324 "-" "Mozilla/5.0 (compatible; SemrushBot/1.1~bl; +http://www.semrush.com/bot.html)"
2a01:4f8:120:: - - [30/Oct/2016:11:00:01 +0100] "GET /cron.php HTTP/1.1" 301 309 "-" "curl/7.38.0"
2a01:4f8:120:: - - [30/Oct/2016:11:00:01 +0100] "GET /cron.php HTTP/1.1" 404 280 "-" "curl/7.38.0"
207.46.13.0 - - [30/Oct/2016:11:29:34 +0100] "GET /archiv/clubheft-v2.pdf HTTP/1.1" 200 5090972 "-" "Mozilla/5.0 (iPhone; CPU iPhone OS 7_0 like Mac OS X) AppleWebKit/537.51.1 (KHTML, like Gecko) Version/7.0 Mobile/11A465 Safari/9537.53 (compatible; bingbot/2.0; +http://www.bing.com/bingbot.htm)"
2a01:4f8:120:: - - [30/Oct/2016:12:00:01 +0100] "GET /cron.php HTTP/1.1" 301 309 "-" "curl/7.38.0"
2a01:4f8:120:: - - [30/Oct/2016:12:00:02 +0100] "GET /cron.php HTTP/1.1" 404 280 "-" "curl/7.38.0"
46.119.119.0 - - [30/Oct/2016:12:11:47 +0100] "GET /50/ HTTP/1.1" 200 12848 "http://www.itservicesthatworkforyou.com/" "Mozilla/4.0 (compatible; MSIE 6.0; Windows NT 5.1) Netscape/8.0.4"
46.119.119.0 - - [30/Oct/2016:12:11:47 +0100] "GET /50/ HTTP/1.1" 200 12848 "http://www.itservicesthatworkforyou.com/" "Mozilla/4.0 (compatible; MSIE 6.0; Windows NT 5.1) Netscape/8.0.4"
46.119.119.0 - - [30/Oct/2016:12:11:47 +0100] "GET /50/ HTTP/1.1" 200 12848 "http://www.itservicesthatworkforyou.com/" "Mozilla/4.0 (compatible; MSIE 6.0; Windows NT 5.1) Netscape/8.0.4"
192.243.55.0 - - [30/Oct/2016:12:13:38 +0100] "GET /clubheft.pdf HTTP/1.1" 200 3299877 "-" "Mozilla/5.0 (compatible; SemrushBot/1.1~bl; +http://www.semrush.com/bot.html)"
131.253.27.0 - - [30/Oct/2016:12:31:18 +0100] "GET /archiv/clubheft-v2.pdf HTTP/1.1" 200 5090972 "-" "Mozilla/5.0 (iPhone; CPU iPhone OS 7_0 like Mac OS X) AppleWebKit/537.51.1 (KHTML, like Gecko) Version/7.0 Mobile/11A465 Safari/9537.53 BingPreview/1.0b"
207.46.13.0 - - [30/Oct/2016:12:49:26 +0100] "GET /robots.txt HTTP/1.1" 200 32 "-" "Mozilla/5.0 (compatible; bingbot/2.0; +http://www.bing.com/bingbot.htm)"
2a01:4f8:120:: - - [30/Oct/2016:13:00:01 +0100] "GET /cron.php HTTP/1.1" 301 309 "-" "curl/7.38.0"
2a01:4f8:120:: - - [30/Oct/2016:13:00:01 +0100] "GET /cron.php HTTP/1.1" 404 280 "-" "curl/7.38.0"
66.249.76.0 - - [30/Oct/2016:13:04:02 +0100] "GET / HTTP/1.1" 301 301 "-" "Mozilla/5.0 (compatible; Googlebot/2.1; +http://www.google.com/bot.html)"
66.249.69.0 - - [30/Oct/2016:13:04:04 +0100] "GET / HTTP/1.1" 200 18772 "-" "Mozilla/5.0 (compatible; Googlebot/2.1; +http://www.google.com/bot.html)"
207.46.13.0 - - [30/Oct/2016:13:57:24 +0100] "GET / HTTP/1.1" 301 301 "-" "Mozilla/5.0 (compatible; bingbot/2.0; +http://www.bing.com/bingbot.htm)"
2a01:4f8:120:: - - [30/Oct/2016:14:00:01 +0100] "GET /cron.php HTTP/1.1" 301 309 "-" "curl/7.38.0"
2a01:4f8:120:: - - [30/Oct/2016:14:00:02 +0100] "GET /cron.php HTTP/1.1" 404 280 "-" "curl/7.38.0"
5.248.253.0 - - [30/Oct/2016:14:08:31 +0100] "GET /50/ HTTP/1.1" 200 12848 "http://mydc.net/" "Mozilla/4.0 (compatible; MSIE 6.0; Windows XP)"
5.248.253.0 - - [30/Oct/2016:14:08:31 +0100] "GET /50/ HTTP/1.1" 200 12848 "http://mydc.net/" "Mozilla/4.0 (compatible; MSIE 6.0; Windows XP)"
5.248.253.0 - - [30/Oct/2016:14:08:32 +0100] "GET /50/ HTTP/1.1" 200 12848 "http://mydc.net/" "Mozilla/4.0 (compatible; MSIE 6.0; Windows XP)"
66.249.76.0 - - [30/Oct/2016:14:09:26 +0100] "GET / HTTP/1.1" 200 18772 "-" "Mozilla/5.0 (Linux; Android 6.0.1; Nexus 5X Build/MMB29P) AppleWebKit/537.36 (KHTML, like Gecko) Chrome/41.0.2272.96 Mobile Safari/537.36 (compatible; Googlebot/2.1; +http://www.google.com/bot.html)"
66.249.76.0 - - [30/Oct/2016:14:15:33 +0100] "GET / HTTP/1.1" 301 301 "-" "Mozilla/5.0 (compatible; Googlebot/2.1; +http://www.google.com/bot.html)"
66.249.69.0 - - [30/Oct/2016:14:15:35 +0100] "GET / HTTP/1.1" 200 18772 "-" "Mozilla/5.0 (compatible; Googlebot/2.1; +http://www.google.com/bot.html)"
2a01:4f8:120:: - - [30/Oct/2016:15:00:01 +0100] "GET /cron.php HTTP/1.1" 301 309 "-" "curl/7.38.0"
2a01:4f8:120:: - - [30/Oct/2016:15:00:01 +0100] "GET /cron.php HTTP/1.1" 404 280 "-" "curl/7.38.0"
192.243.55.0 - - [30/Oct/2016:15:26:27 +0100] "GET /archiv/clubheft-v3.pdf HTTP/1.1" 301 323 "-" "Mozilla/5.0 (compatible; SemrushBot/1.1~bl; +http://www.semrush.com/bot.html)"
199.58.86.0 - - [30/Oct/2016:15:39:01 +0100] "GET /robots.txt HTTP/1.0" 200 32 "-" "Mozilla/5.0 (compatible; MJ12bot/v1.4.5; http://www.majestic12.co.uk/bot.php?+)"
199.58.86.0 - - [30/Oct/2016:15:39:05 +0100] "GET / HTTP/1.0" 200 18772 "-" "Mozilla/5.0 (compatible; MJ12bot/v1.4.5; http://www.majestic12.co.uk/bot.php?+)"
199.58.86.0 - - [30/Oct/2016:15:39:10 +0100] "GET /robots.txt HTTP/1.0" 301 311 "-" "Mozilla/5.0 (compatible; MJ12bot/v1.4.5; http://www.majestic12.co.uk/bot.php?+)"
199.58.86.0 - - [30/Oct/2016:15:39:12 +0100] "GET /robots.txt HTTP/1.0" 200 32 "-" "Mozilla/5.0 (compatible; MJ12bot/v1.4.5; http://www.majestic12.co.uk/bot.php?+)"
199.58.86.0 - - [30/Oct/2016:15:39:16 +0100] "GET / HTTP/1.0" 301 301 "-" "Mozilla/5.0 (compatible; MJ12bot/v1.4.5; http://www.majestic12.co.uk/bot.php?+)"
199.58.86.0 - - [30/Oct/2016:15:39:22 +0100] "GET /robots.txt HTTP/1.0" 200 32 "-" "Mozilla/5.0 (compatible; MJ12bot/v1.4.5; http://www.majestic12.co.uk/bot.php?+)"
199.58.86.0 - - [30/Oct/2016:15:39:25 +0100] "GET / HTTP/1.0" 200 18772 "-" "Mozilla/5.0 (compatible; MJ12bot/v1.4.5; http://www.majestic12.co.uk/bot.php?+)"
2a02:8108:463f:: - - [30/Oct/2016:15:50:53 +0100] "GET / HTTP/1.1" 304 - "-" "Mozilla/5.0 (iPhone; CPU iPhone OS 10_0_2 like Mac OS X) AppleWebKit/602.1.50 (KHTML, like Gecko) Version/10.0 Mobile/14A456 Safari/602.1"
2a02:8108:463f:: - - [30/Oct/2016:15:50:53 +0100] "GET /css/main.css HTTP/1.1" 200 3474 "https://vdsc.de/" "Mozilla/5.0 (iPhone; CPU iPhone OS 10_0_2 like Mac OS X) AppleWebKit/602.1.50 (KHTML, like Gecko) Version/10.0 Mobile/14A456 Safari/602.1"
77.20.253.0 - - [30/Oct/2016:15:50:53 +0100] "GET /css/normalize.min.css HTTP/1.1" 200 2502 "https://vdsc.de/" "Mozilla/5.0 (iPhone; CPU iPhone OS 10_0_2 like Mac OS X) AppleWebKit/602.1.50 (KHTML, like Gecko) Version/10.0 Mobile/14A456 Safari/602.1"
2a02:8108:463f:: - - [30/Oct/2016:15:50:53 +0100] "GET /fonts/titillium/titillium-semibold-webfont.woff HTTP/1.1" 200 29892 "https://vdsc.de/" "Mozilla/5.0 (iPhone; CPU iPhone OS 10_0_2 like Mac OS X) AppleWebKit/602.1.50 (KHTML, like Gecko) Version/10.0 Mobile/14A456 Safari/602.1"
2a01:4f8:120:: - - [30/Oct/2016:16:00:01 +0100] "GET /cron.php HTTP/1.1" 301 309 "-" "curl/7.38.0"
2a01:4f8:120:: - - [30/Oct/2016:16:00:01 +0100] "GET /cron.php HTTP/1.1" 404 280 "-" "curl/7.38.0"
207.46.13.0 - - [30/Oct/2016:16:00:40 +0100] "GET /robots.txt HTTP/1.1" 200 32 "-" "Mozilla/5.0 (compatible; bingbot/2.0; +http://www.bing.com/bingbot.htm)"
207.46.13.0 - - [30/Oct/2016:16:01:01 +0100] "GET /archiv/clubheft-v3.pdf HTTP/1.1" 200 4490288 "-" "Mozilla/5.0 (iPhone; CPU iPhone OS 7_0 like Mac OS X) AppleWebKit/537.51.1 (KHTML, like Gecko) Version/7.0 Mobile/11A465 Safari/9537.53 (compatible; bingbot/2.0; +http://www.bing.com/bingbot.htm)"
195.154.146.0 - - [30/Oct/2016:16:07:32 +0100] "GET / HTTP/1.1" 200 18772 "-" "Mozilla/5.0 (Windows NT 6.1; Trident/7.0; rv:11.0) like Gecko"
77.187.14.0 - - [30/Oct/2016:16:24:04 +0100] "HEAD / HTTP/1.1" 200 - "vdsc.de" "Mozilla/5.0 (Windows; U; Windows NT 6.1; en-US; rv:1.9.2.28) Gecko/20120306 Firefox/3.6.28"
46.229.164.0 - - [30/Oct/2016:16:28:07 +0100] "GET /robots.txt HTTP/1.1" 200 32 "-" "Mozilla/5.0 (compatible; SemrushBot/1.1~bl; +http://www.semrush.com/bot.html)"
46.119.118.0 - - [30/Oct/2016:16:30:52 +0100] "GET /50/ HTTP/1.1" 200 12848 "http://isistaylorporn.info/" "Mozilla/4.61 [en] (X11; U; ) - BrowseX (2.0.0 Windows)"
2a01:4f8:120:: - - [30/Oct/2016:17:00:02 +0100] "GET /cron.php HTTP/1.1" 301 309 "-" "curl/7.38.0"
2a01:4f8:120:: - - [30/Oct/2016:17:00:02 +0100] "GET /cron.php HTTP/1.1" 404 280 "-" "curl/7.38.0"
131.253.27.0 - - [30/Oct/2016:17:02:36 +0100] "GET /archiv/clubheft-v3.pdf HTTP/1.1" 200 4490288 "-" "Mozilla/5.0 (iPhone; CPU iPhone OS 7_0 like Mac OS X) AppleWebKit/537.51.1 (KHTML, like Gecko) Version/7.0 Mobile/11A465 Safari/9537.53 BingPreview/1.0b"
23.92.60.0 - - [30/Oct/2016:17:51:27 +0100] "GET / HTTP/1.1" 200 18772 "-" "Java/1.6.0_04"
23.92.60.0 - - [30/Oct/2016:17:51:27 +0100] "GET /50 HTTP/1.1" 301 299 "-" "Java/1.6.0_04"
23.92.60.0 - - [30/Oct/2016:17:51:28 +0100] "GET /50/ HTTP/1.1" 200 12848 "-" "Java/1.6.0_04"
23.92.60.0 - - [30/Oct/2016:17:51:28 +0100] "GET /archiv/archiv1.html HTTP/1.1" 200 18732 "-" "Java/1.6.0_04"
23.92.60.0 - - [30/Oct/2016:17:51:29 +0100] "GET /data:;base64,iVBORw0KGgo= HTTP/1.1" 404 296 "-" "Java/1.6.0_04"
23.92.60.0 - - [30/Oct/2016:17:51:29 +0100] "GET /archiv/archiv2.html HTTP/1.1" 200 14830 "-" "Java/1.6.0_04"
23.92.60.0 - - [30/Oct/2016:17:51:30 +0100] "GET /downloads/dresdner_studentenclubs_uebersicht_map.png HTTP/1.1" 404 323 "-" "Java/1.6.0_04"
23.92.60.0 - - [30/Oct/2016:17:51:30 +0100] "GET //exma.de/6070176 HTTP/1.1" 404 286 "-" "Java/1.6.0_04"
23.92.60.0 - - [30/Oct/2016:17:51:31 +0100] "GET /archiv/./files/logo.png HTTP/1.1" 200 4006 "-" "Java/1.6.0_04"
23.92.60.0 - - [30/Oct/2016:17:51:31 +0100] "GET //dresdner-studententage.de/2014/veranstaltungen HTTP/1.1" 404 317 "-" "Java/1.6.0_04"
23.92.60.0 - - [30/Oct/2016:17:51:31 +0100] "GET /https://www.exmatrikulationsamt.de/eseclubtour HTTP/1.1" 404 317 "-" "Java/1.6.0_04"
23.92.60.0 - - [30/Oct/2016:17:51:32 +0100] "GET /50/https://www.facebook.com/events/594848867292254 HTTP/1.1" 404 - "-" "Java/1.6.0_04"
2a01:4f8:120:: - - [30/Oct/2016:18:00:01 +0100] "GET /cron.php HTTP/1.1" 301 309 "-" "curl/7.38.0"
2a01:4f8:120:: - - [30/Oct/2016:18:00:02 +0100] "GET /cron.php HTTP/1.1" 404 280 "-" "curl/7.38.0"
77.12.124.0 - - [30/Oct/2016:18:02:38 +0100] "GET / HTTP/1.1" 200 18772 "-" "Mozilla/5.0 (Macintosh; Intel Mac OS X 10_10_3) AppleWebKit/537.36 (KHTML, like Gecko) Chrome/41.0.2272.89 Safari/537.36"
66.249.75.0 - - [30/Oct/2016:18:19:43 +0100] "GET / HTTP/1.1" 301 301 "-" "Mozilla/5.0 (compatible; Googlebot/2.1; +http://www.google.com/bot.html)"
66.249.69.0 - - [30/Oct/2016:18:19:44 +0100] "GET / HTTP/1.1" 200 18772 "-" "Mozilla/5.0 (compatible; Googlebot/2.1; +http://www.google.com/bot.html)"
46.165.197.0 - - [30/Oct/2016:18:38:04 +0100] "GET /robots.txt HTTP/1.1" 200 32 "-" "Mozilla/5.0 (compatible; MJ12bot/v1.4.6; http://mj12bot.com/)"
46.165.197.0 - - [30/Oct/2016:18:38:06 +0100] "GET / HTTP/1.1" 200 18772 "-" "Mozilla/5.0 (compatible; MJ12bot/v1.4.6; http://mj12bot.com/)"
46.165.197.0 - - [30/Oct/2016:18:38:07 +0100] "GET /robots.txt HTTP/1.1" 301 311 "-" "Mozilla/5.0 (compatible; MJ12bot/v1.4.6; http://mj12bot.com/)"
46.165.197.0 - - [30/Oct/2016:18:38:08 +0100] "GET /robots.txt HTTP/1.1" 200 32 "-" "Mozilla/5.0 (compatible; MJ12bot/v1.4.6; http://mj12bot.com/)"
46.165.197.0 - - [30/Oct/2016:18:38:09 +0100] "GET / HTTP/1.1" 301 301 "-" "Mozilla/5.0 (compatible; MJ12bot/v1.4.6; http://mj12bot.com/)"
46.165.197.0 - - [30/Oct/2016:18:38:11 +0100] "GET / HTTP/1.1" 200 18772 "-" "Mozilla/5.0 (compatible; MJ12bot/v1.4.6; http://mj12bot.com/)"
46.229.164.0 - - [30/Oct/2016:18:50:46 +0100] "GET /robots.txt HTTP/1.1" 301 311 "-" "Mozilla/5.0 (compatible; SemrushBot/1.1~bl; +http://www.semrush.com/bot.html)"
46.229.164.0 - - [30/Oct/2016:18:50:50 +0100] "GET /robots.txt HTTP/1.1" 200 32 "-" "Mozilla/5.0 (compatible; SemrushBot/1.1~bl; +http://www.semrush.com/bot.html)"
2a01:4f8:120:: - - [30/Oct/2016:19:00:01 +0100] "GET /cron.php HTTP/1.1" 301 309 "-" "curl/7.38.0"
2a01:4f8:120:: - - [30/Oct/2016:19:00:01 +0100] "GET /cron.php HTTP/1.1" 404 280 "-" "curl/7.38.0"
2a02:2450:10d1:: - - [30/Oct/2016:19:07:01 +0100] "GET / HTTP/1.1" 200 18772 "-" "Mozilla/5.0 (Macintosh; Intel Mac OS X 10.11; rv:49.0) Gecko/20100101 Firefox/49.0"
2a02:2450:10d1:: - - [30/Oct/2016:19:07:01 +0100] "GET /css/normalize.min.css HTTP/1.1" 200 2502 "http://vdsc.de/" "Mozilla/5.0 (Macintosh; Intel Mac OS X 10.11; rv:49.0) Gecko/20100101 Firefox/49.0"
2a02:2450:10d1:: - - [30/Oct/2016:19:07:01 +0100] "GET /css/main.css HTTP/1.1" 200 3474 "http://vdsc.de/" "Mozilla/5.0 (Macintosh; Intel Mac OS X 10.11; rv:49.0) Gecko/20100101 Firefox/49.0"
2a02:2450:10d1:: - - [30/Oct/2016:19:07:01 +0100] "GET /fonts/titillium/stylesheet.css HTTP/1.1" 200 4236 "http://vdsc.de/" "Mozilla/5.0 (Macintosh; Intel Mac OS X 10.11; rv:49.0) Gecko/20100101 Firefox/49.0"
2a02:2450:10d1:: - - [30/Oct/2016:19:07:01 +0100] "GET /fonts/titillium/titillium-semibold-webfont.woff HTTP/1.1" 200 29892 "http://vdsc.de/fonts/titillium/stylesheet.css" "Mozilla/5.0 (Macintosh; Intel Mac OS X 10.11; rv:49.0) Gecko/20100101 Firefox/49.0"
2a02:2450:10d1:: - - [30/Oct/2016:19:07:01 +0100] "GET /fonts/titillium/titillium-regular-webfont.woff HTTP/1.1" 200 29840 "http://vdsc.de/fonts/titillium/stylesheet.css" "Mozilla/5.0 (Macintosh; Intel Mac OS X 10.11; rv:49.0) Gecko/20100101 Firefox/49.0"
2a02:2450:10d1:: - - [30/Oct/2016:19:07:10 +0100] "GET / HTTP/1.1" 200 18772 "-" "Mozilla/5.0 (Macintosh; Intel Mac OS X 10.11; rv:49.0) Gecko/20100101 Firefox/49.0"
2a02:2450:10d1:: - - [30/Oct/2016:19:07:10 +0100] "GET /css/normalize.min.css HTTP/1.1" 200 2502 "https://vdsc.de/" "Mozilla/5.0 (Macintosh; Intel Mac OS X 10.11; rv:49.0) Gecko/20100101 Firefox/49.0"
2a02:2450:10d1:: - - [30/Oct/2016:19:07:10 +0100] "GET /fonts/titillium/stylesheet.css HTTP/1.1" 200 4236 "https://vdsc.de/" "Mozilla/5.0 (Macintosh; Intel Mac OS X 10.11; rv:49.0) Gecko/20100101 Firefox/49.0"
2a02:2450:10d1:: - - [30/Oct/2016:19:07:10 +0100] "GET /css/main.css HTTP/1.1" 200 3474 "https://vdsc.de/" "Mozilla/5.0 (Macintosh; Intel Mac OS X 10.11; rv:49.0) Gecko/20100101 Firefox/49.0"
2a02:2450:10d1:: - - [30/Oct/2016:19:07:10 +0100] "GET /fonts/titillium/titillium-regular-webfont.woff HTTP/1.1" 200 29840 "https://vdsc.de/fonts/titillium/stylesheet.css" "Mozilla/5.0 (Macintosh; Intel Mac OS X 10.11; rv:49.0) Gecko/20100101 Firefox/49.0"
2a02:2450:10d1:: - - [30/Oct/2016:19:07:10 +0100] "GET /fonts/titillium/titillium-semibold-webfont.woff HTTP/1.1" 200 29892 "https://vdsc.de/fonts/titillium/stylesheet.css" "Mozilla/5.0 (Macintosh; Intel Mac OS X 10.11; rv:49.0) Gecko/20100101 Firefox/49.0"
2a01:4f8:120:: - - [30/Oct/2016:20:00:01 +0100] "GET /cron.php HTTP/1.1" 301 309 "-" "curl/7.38.0"
2a01:4f8:120:: - - [30/Oct/2016:20:00:01 +0100] "GET /cron.php HTTP/1.1" 404 280 "-" "curl/7.38.0"
66.249.75.0 - - [30/Oct/2016:20:06:41 +0100] "GET / HTTP/1.1" 301 301 "-" "Mozilla/5.0 (compatible; Googlebot/2.1; +http://www.google.com/bot.html)"
66.249.76.0 - - [30/Oct/2016:20:06:43 +0100] "GET / HTTP/1.1" 200 18772 "-" "Mozilla/5.0 (compatible; Googlebot/2.1; +http://www.google.com/bot.html)"
207.46.13.0 - - [30/Oct/2016:20:10:58 +0100] "GET /robots.txt HTTP/1.1" 200 32 "-" "Mozilla/5.0 (compatible; bingbot/2.0; +http://www.bing.com/bingbot.htm)"
40.77.167.0 - - [30/Oct/2016:20:11:56 +0100] "GET /archiv/clubheft-v0.pdf HTTP/1.1" 200 6640218 "-" "Mozilla/5.0 (iPhone; CPU iPhone OS 7_0 like Mac OS X) AppleWebKit/537.51.1 (KHTML, like Gecko) Version/7.0 Mobile/11A465 Safari/9537.53 (compatible; bingbot/2.0; +http://www.bing.com/bingbot.htm)"
199.58.86.0 - - [30/Oct/2016:20:36:38 +0100] "GET /robots.txt HTTP/1.0" 200 32 "-" "Mozilla/5.0 (compatible; MJ12bot/v1.4.5; http://www.majestic12.co.uk/bot.php?+)"
199.58.86.0 - - [30/Oct/2016:20:36:39 +0100] "GET / HTTP/1.0" 200 18772 "-" "Mozilla/5.0 (compatible; MJ12bot/v1.4.5; http://www.majestic12.co.uk/bot.php?+)"
199.58.86.0 - - [30/Oct/2016:20:36:44 +0100] "GET /robots.txt HTTP/1.0" 301 311 "-" "Mozilla/5.0 (compatible; MJ12bot/v1.4.5; http://www.majestic12.co.uk/bot.php?+)"
199.58.86.0 - - [30/Oct/2016:20:36:45 +0100] "GET /robots.txt HTTP/1.0" 200 32 "-" "Mozilla/5.0 (compatible; MJ12bot/v1.4.5; http://www.majestic12.co.uk/bot.php?+)"
199.58.86.0 - - [30/Oct/2016:20:36:47 +0100] "GET / HTTP/1.0" 301 301 "-" "Mozilla/5.0 (compatible; MJ12bot/v1.4.5; http://www.majestic12.co.uk/bot.php?+)"
199.58.86.0 - - [30/Oct/2016:20:36:48 +0100] "GET /robots.txt HTTP/1.0" 200 32 "-" "Mozilla/5.0 (compatible; MJ12bot/v1.4.5; http://www.majestic12.co.uk/bot.php?+)"
199.58.86.0 - - [30/Oct/2016:20:36:50 +0100] "GET / HTTP/1.0" 200 18772 "-" "Mozilla/5.0 (compatible; MJ12bot/v1.4.5; http://www.majestic12.co.uk/bot.php?+)"
2a01:4f8:120:: - - [30/Oct/2016:21:00:01 +0100] "GET /cron.php HTTP/1.1" 301 309 "-" "curl/7.38.0"
2a01:4f8:120:: - - [30/Oct/2016:21:00:02 +0100] "GET /cron.php HTTP/1.1" 404 280 "-" "curl/7.38.0"
131.253.27.0 - - [30/Oct/2016:21:13:31 +0100] "GET /archiv/clubheft-v0.pdf HTTP/1.1" 200 6640218 "-" "Mozilla/5.0 (iPhone; CPU iPhone OS 7_0 like Mac OS X) AppleWebKit/537.51.1 (KHTML, like Gecko) Version/7.0 Mobile/11A465 Safari/9537.53 BingPreview/1.0b"
180.76.15.0 - - [30/Oct/2016:21:33:46 +0100] "GET /50/ HTTP/1.1" 200 12848 "-" "Mozilla/5.0 (compatible; Baiduspider/2.0; +http://www.baidu.com/search/spider.html)"
66.249.75.0 - - [30/Oct/2016:22:08:30 +0100] "GET / HTTP/1.1" 301 301 "-" "Mozilla/5.0 (compatible; Googlebot/2.1; +http://www.google.com/bot.html)"
66.249.76.0 - - [30/Oct/2016:22:08:31 +0100] "GET / HTTP/1.1" 200 18772 "-" "Mozilla/5.0 (compatible; Googlebot/2.1; +http://www.google.com/bot.html)"
5.248.253.0 - - [30/Oct/2016:22:35:24 +0100] "GET /50/ HTTP/1.1" 200 12848 "http://nalogovyy-kodeks.ru/" "Mozilla/4.0 (compatible; MSIE 7.0; Windows NT 5.1; SV1; .NET CLR 2.0.50727)"
5.248.253.0 - - [30/Oct/2016:22:35:24 +0100] "GET /50/ HTTP/1.1" 200 12848 "http://nalogovyy-kodeks.ru/" "Mozilla/4.0 (compatible; MSIE 7.0; Windows NT 5.1; SV1; .NET CLR 2.0.50727)"
5.248.253.0 - - [30/Oct/2016:22:35:24 +0100] "GET /50/ HTTP/1.1" 200 12848 "http://nalogovyy-kodeks.ru/" "Mozilla/4.0 (compatible; MSIE 7.0; Windows NT 5.1; SV1; .NET CLR 2.0.50727)"
2a01:4f8:120:: - - [30/Oct/2016:23:00:01 +0100] "GET /cron.php HTTP/1.1" 301 309 "-" "curl/7.38.0"
2a01:4f8:120:: - - [30/Oct/2016:23:00:01 +0100] "GET /cron.php HTTP/1.1" 404 280 "-" "curl/7.38.0"
207.46.13.0 - - [30/Oct/2016:23:05:25 +0100] "GET /archiv/files/logo.png HTTP/1.1" 200 4006 "-" "Mozilla/5.0 (compatible; bingbot/2.0; +http://www.bing.com/bingbot.htm)"
66.249.76.0 - - [30/Oct/2016:23:32:27 +0100] "GET / HTTP/1.1" 200 18772 "-" "Mozilla/5.0 (Linux; Android 6.0.1; Nexus 5X Build/MMB29P) AppleWebKit/537.36 (KHTML, like Gecko) Chrome/41.0.2272.96 Mobile Safari/537.36 (compatible; Googlebot/2.1; +http://www.google.com/bot.html)"
2a01:4f8:120:: - - [31/Oct/2016:00:00:01 +0100] "GET /cron.php HTTP/1.1" 301 309 "-" "curl/7.38.0"
2a01:4f8:120:: - - [31/Oct/2016:00:00:02 +0100] "GET /cron.php HTTP/1.1" 404 280 "-" "curl/7.38.0"
195.154.225.0 - - [31/Oct/2016:00:59:57 +0100] "GET //login.php?login=cmd HTTP/1.0" 404 280 "-" "Mozilla/5.0 (Windows NT 6.1) AppleWebKit/537.36 (KHTML, like Gecko) Chrome/41.0.2228.0 Safari/537.36"
195.154.225.0 - - [31/Oct/2016:00:59:57 +0100] "GET //login.php?login=cmd HTTP/1.0" 404 280 "-" "Mozilla/5.0 (Windows NT 6.1) AppleWebKit/537.36 (KHTML, like Gecko) Chrome/41.0.2228.0 Safari/537.36"
2a01:4f8:120:: - - [31/Oct/2016:01:00:02 +0100] "GET /cron.php HTTP/1.1" 301 309 "-" "curl/7.38.0"
2a01:4f8:120:: - - [31/Oct/2016:01:00:02 +0100] "GET /cron.php HTTP/1.1" 404 280 "-" "curl/7.38.0"
151.80.31.0 - - [31/Oct/2016:01:17:44 +0100] "GET /robots.txt HTTP/1.1" 301 311 "-" "Mozilla/5.0 (compatible; AhrefsBot/5.1; +http://ahrefs.com/robot/)"
151.80.31.0 - - [31/Oct/2016:01:17:44 +0100] "GET /robots.txt HTTP/1.1" 200 32 "-" "Mozilla/5.0 (compatible; AhrefsBot/5.1; +http://ahrefs.com/robot/)"
207.46.13.0 - - [31/Oct/2016:01:59:17 +0100] "GET / HTTP/1.1" 301 301 "-" "Mozilla/5.0 (compatible; bingbot/2.0; +http://www.bing.com/bingbot.htm)"
2a01:4f8:120:: - - [31/Oct/2016:02:00:01 +0100] "GET /cron.php HTTP/1.1" 301 309 "-" "curl/7.38.0"
2a01:4f8:120:: - - [31/Oct/2016:02:00:02 +0100] "GET /cron.php HTTP/1.1" 404 280 "-" "curl/7.38.0"
40.77.167.0 - - [31/Oct/2016:02:23:03 +0100] "GET /archiv/clubheft-v50.pdf HTTP/1.1" 200 3299877 "-" "Mozilla/5.0 (iPhone; CPU iPhone OS 7_0 like Mac OS X) AppleWebKit/537.51.1 (KHTML, like Gecko) Version/7.0 Mobile/11A465 Safari/9537.53 (compatible; bingbot/2.0; +http://www.bing.com/bingbot.htm)"
157.55.39.0 - - [31/Oct/2016:02:23:17 +0100] "GET /robots.txt HTTP/1.1" 200 32 "-" "Mozilla/5.0 (compatible; bingbot/2.0; +http://www.bing.com/bingbot.htm)"
157.55.39.0 - - [31/Oct/2016:02:24:57 +0100] "GET /robots.txt HTTP/1.1" 200 32 "-" "Mozilla/5.0 (compatible; bingbot/2.0; +http://www.bing.com/bingbot.htm)"
192.243.55.0 - - [31/Oct/2016:02:28:31 +0100] "GET /50/ HTTP/1.1" 301 304 "-" "Mozilla/5.0 (compatible; SemrushBot/1.1~bl; +http://www.semrush.com/bot.html)"
66.249.76.0 - - [31/Oct/2016:02:43:35 +0100] "GET / HTTP/1.1" 301 301 "-" "Mozilla/5.0 (compatible; Googlebot/2.1; +http://www.google.com/bot.html)"
66.249.76.0 - - [31/Oct/2016:02:43:35 +0100] "GET / HTTP/1.1" 200 18772 "-" "Mozilla/5.0 (compatible; Googlebot/2.1; +http://www.google.com/bot.html)"
2a01:4f8:120:: - - [31/Oct/2016:03:00:01 +0100] "GET /cron.php HTTP/1.1" 301 309 "-" "curl/7.38.0"
2a01:4f8:120:: - - [31/Oct/2016:03:00:01 +0100] "GET /cron.php HTTP/1.1" 404 280 "-" "curl/7.38.0"
178.137.95.0 - - [31/Oct/2016:03:01:49 +0100] "GET /50/ HTTP/1.1" 200 12848 "https://7fon.ru/" "Mozilla/4.0 (compatible; MSIE 6.0; Windows NT 5.1; SV1; InfoPath.1"
178.137.95.0 - - [31/Oct/2016:03:01:49 +0100] "GET /50/ HTTP/1.1" 200 12848 "https://7fon.ru/" "Mozilla/4.0 (compatible; MSIE 6.0; Windows NT 5.1; SV1; InfoPath.1"
178.137.95.0 - - [31/Oct/2016:03:01:50 +0100] "GET /50/ HTTP/1.1" 200 12848 "https://7fon.ru/" "Mozilla/4.0 (compatible; MSIE 6.0; Windows NT 5.1; SV1; InfoPath.1"
2a01:4f8:120:: - - [31/Oct/2016:04:00:01 +0100] "GET /cron.php HTTP/1.1" 301 309 "-" "curl/7.38.0"
2a01:4f8:120:: - - [31/Oct/2016:04:00:01 +0100] "GET /cron.php HTTP/1.1" 404 280 "-" "curl/7.38.0"
85.25.210.0 - - [31/Oct/2016:04:41:22 +0100] "GET /robots.txt HTTP/1.1" 200 32 "-" "Mozilla/5.0 (compatible; seoscanners.net/1; +spider@seoscanners.net)"
85.25.210.0 - - [31/Oct/2016:04:41:22 +0100] "GET /archiv/files/clubheft.pdf HTTP/1.1" 200 4490288 "-" "Mozilla/5.0 (compatible; seoscanners.net/1; +spider@seoscanners.net)"
2a01:4f8:120:: - - [31/Oct/2016:05:00:01 +0100] "GET /cron.php HTTP/1.1" 301 309 "-" "curl/7.38.0"
2a01:4f8:120:: - - [31/Oct/2016:05:00:02 +0100] "GET /cron.php HTTP/1.1" 404 280 "-" "curl/7.38.0"
46.119.119.0 - - [31/Oct/2016:05:14:48 +0100] "GET /50/ HTTP/1.1" 200 12848 "http://kiev.mistr-x.org/" "Mozilla/6.0 (compatible; MSIE 7.0a1; Windows NT 5.2; SV1)"
46.119.119.0 - - [31/Oct/2016:05:14:49 +0100] "GET /50/ HTTP/1.1" 200 12848 "http://kiev.mistr-x.org/" "Mozilla/6.0 (compatible; MSIE 7.0a1; Windows NT 5.2; SV1)"
46.119.119.0 - - [31/Oct/2016:05:14:49 +0100] "GET /50/ HTTP/1.1" 200 12848 "http://kiev.mistr-x.org/" "Mozilla/6.0 (compatible; MSIE 7.0a1; Windows NT 5.2; SV1)"
62.138.0.0 - - [31/Oct/2016:05:43:11 +0100] "GET /robots.txt HTTP/1.1" 200 32 "-" "Mozilla/5.0 (compatible; seoscanners.net/1; +spider@seoscanners.net)"
62.138.0.0 - - [31/Oct/2016:05:43:11 +0100] "GET /archiv/archiv2.html HTTP/1.1" 200 14830 "-" "Mozilla/5.0 (compatible; seoscanners.net/1; +spider@seoscanners.net)"
2a01:4f8:120:: - - [31/Oct/2016:06:00:02 +0100] "GET /cron.php HTTP/1.1" 301 309 "-" "curl/7.38.0"
2a01:4f8:120:: - - [31/Oct/2016:06:00:02 +0100] "GET /cron.php HTTP/1.1" 404 280 "-" "curl/7.38.0"
66.249.76.0 - - [31/Oct/2016:06:02:46 +0100] "GET / HTTP/1.1" 301 301 "-" "Mozilla/5.0 (compatible; Googlebot/2.1; +http://www.google.com/bot.html)"
66.249.76.0 - - [31/Oct/2016:06:02:46 +0100] "GET /robots.txt HTTP/1.1" 200 32 "-" "Mozilla/5.0 (compatible; Googlebot/2.1; +http://www.google.com/bot.html)"
66.249.69.0 - - [31/Oct/2016:06:02:47 +0100] "GET / HTTP/1.1" 200 18772 "-" "Mozilla/5.0 (compatible; Googlebot/2.1; +http://www.google.com/bot.html)"
192.243.55.0 - - [31/Oct/2016:06:04:42 +0100] "GET /archiv/archiv2.html HTTP/1.1" 301 320 "-" "Mozilla/5.0 (compatible; SemrushBot/1.1~bl; +http://www.semrush.com/bot.html)"
104.236.194.0 - - [31/Oct/2016:06:11:32 +0100] "GET / HTTP/1.1" 200 18772 "http://vdsc.de" "Mozilla/5.0 (Windows NT 6.1; WOW64; rv:28.0) Gecko/20100101 Firefox/28.0"
104.236.194.0 - - [31/Oct/2016:06:11:41 +0100] "GET / HTTP/1.1" 200 18772 "-" "-"
104.236.194.0 - - [31/Oct/2016:06:11:49 +0100] "GET /robots.txt HTTP/1.1" 200 32 "-" "Mozilla/5.0 (Windows NT 6.3; WOW64) AppleWebKit/537.36 (KHTML, like Gecko) Chrome/34.0.1847.131 Safari/537.36"
104.236.194.0 - - [31/Oct/2016:06:11:57 +0100] "GET /50 HTTP/1.1" 301 299 "http://vdsc.de" "Mozilla/5.0 (Macintosh; Intel Mac OS X 10_9_2) AppleWebKit/537.36 (KHTML, like Gecko) Chrome/34.0.1847.131 Safari/537.36"
104.236.194.0 - - [31/Oct/2016:06:11:57 +0100] "GET /archiv/archiv1.html HTTP/1.1" 200 18732 "http://vdsc.de" "Mozilla/5.0 (Windows NT 6.1; WOW64; rv:21.0) Gecko/20100101 Firefox/21.0"
104.236.194.0 - - [31/Oct/2016:06:11:58 +0100] "GET /50/ HTTP/1.1" 200 12848 "http://vdsc.de/50" "Mozilla/5.0 (Macintosh; Intel Mac OS X 10_9_2) AppleWebKit/537.36 (KHTML, like Gecko) Chrome/34.0.1847.131 Safari/537.36"
66.249.76.0 - - [31/Oct/2016:06:19:45 +0100] "GET /clubheft.pdf HTTP/1.1" 301 313 "-" "Mozilla/5.0 (Linux; Android 6.0.1; Nexus 5X Build/MMB29P) AppleWebKit/537.36 (KHTML, like Gecko) Chrome/41.0.2272.96 Mobile Safari/537.36 (compatible; Googlebot/2.1; +http://www.google.com/bot.html)"
66.249.76.0 - - [31/Oct/2016:06:19:45 +0100] "GET /clubheft.pdf HTTP/1.1" 200 3299877 "-" "Mozilla/5.0 (Linux; Android 6.0.1; Nexus 5X Build/MMB29P) AppleWebKit/537.36 (KHTML, like Gecko) Chrome/41.0.2272.96 Mobile Safari/537.36 (compatible; Googlebot/2.1; +http://www.google.com/bot.html)"
85.25.210.0 - - [31/Oct/2016:06:22:46 +0100] "GET /robots.txt HTTP/1.1" 200 32 "-" "Mozilla/5.0 (compatible; seoscanners.net/1; +spider@seoscanners.net)"
85.25.210.0 - - [31/Oct/2016:06:22:47 +0100] "GET /archiv/archiv1.html HTTP/1.1" 200 18732 "-" "Mozilla/5.0 (compatible; seoscanners.net/1; +spider@seoscanners.net)"
2a01:4f8:120:: - - [31/Oct/2016:07:00:02 +0100] "GET /cron.php HTTP/1.1" 301 309 "-" "curl/7.38.0"
2a01:4f8:120:: - - [31/Oct/2016:07:00:02 +0100] "GET /cron.php HTTP/1.1" 404 280 "-" "curl/7.38.0"
62.138.0.0 - - [31/Oct/2016:07:12:38 +0100] "GET /robots.txt HTTP/1.1" 200 32 "-" "Mozilla/5.0 (compatible; seoscanners.net/1; +spider@seoscanners.net)"
62.138.0.0 - - [31/Oct/2016:07:12:38 +0100] "GET /archiv/archiv1.html HTTP/1.1" 200 18732 "-" "Mozilla/5.0 (compatible; seoscanners.net/1; +spider@seoscanners.net)"
176.8.88.0 - - [31/Oct/2016:07:25:45 +0100] "GET /50/ HTTP/1.1" 200 12848 "http://orsonet.ru/" "Mozilla/4.0 (compatible; MSIE 6.0; Windows NT 5.1; SV1; Media Center PC"
176.8.88.0 - - [31/Oct/2016:07:25:46 +0100] "GET /50/ HTTP/1.1" 200 12848 "http://orsonet.ru/" "Mozilla/4.0 (compatible; MSIE 6.0; Windows NT 5.1; SV1; Media Center PC"
85.25.210.0 - - [31/Oct/2016:07:44:33 +0100] "GET /robots.txt HTTP/1.1" 200 32 "-" "Mozilla/5.0 (compatible; seoscanners.net/1; +spider@seoscanners.net)"
85.25.210.0 - - [31/Oct/2016:07:44:34 +0100] "GET /archiv/archiv1.html HTTP/1.1" 200 18732 "-" "Mozilla/5.0 (compatible; seoscanners.net/1; +spider@seoscanners.net)"
2a01:4f8:120:: - - [31/Oct/2016:08:00:01 +0100] "GET /cron.php HTTP/1.1" 301 309 "-" "curl/7.38.0"
2a01:4f8:120:: - - [31/Oct/2016:08:00:02 +0100] "GET /cron.php HTTP/1.1" 404 280 "-" "curl/7.38.0"
40.77.169.0 - - [31/Oct/2016:08:06:52 +0100] "GET /archiv/clubheft-v50.pdf HTTP/1.1" 200 3299877 "-" "Mozilla/5.0 (Windows NT 10.0; WOW64) AppleWebKit/537.36 (KHTML, like Gecko) Chrome/52.0.2743.116 Safari/537.36"
192.243.55.0 - - [31/Oct/2016:08:19:46 +0100] "GET /archiv/clubheft-v3.pdf HTTP/1.1" 200 4490288 "-" "Mozilla/5.0 (compatible; SemrushBot/1.1~bl; +http://www.semrush.com/bot.html)"
40.77.167.0 - - [31/Oct/2016:08:23:54 +0100] "GET / HTTP/1.1" 200 18772 "-" "Mozilla/5.0 (compatible; bingbot/2.0; +http://www.bing.com/bingbot.htm)"
207.46.13.0 - - [31/Oct/2016:08:23:56 +0100] "GET /robots.txt HTTP/1.1" 200 32 "-" "Mozilla/5.0 (compatible; bingbot/2.0; +http://www.bing.com/bingbot.htm)"
40.77.167.0 - - [31/Oct/2016:08:24:07 +0100] "GET /css/main.css HTTP/1.1" 200 3474 "-" "Mozilla/5.0 (compatible; bingbot/2.0; +http://www.bing.com/bingbot.htm)"
207.46.13.0 - - [31/Oct/2016:08:24:11 +0100] "GET /fonts/titillium/stylesheet.css HTTP/1.1" 200 4236 "-" "Mozilla/5.0 (compatible; bingbot/2.0; +http://www.bing.com/bingbot.htm)"
207.46.13.0 - - [31/Oct/2016:08:24:37 +0100] "GET /css/normalize.min.css HTTP/1.1" 200 2502 "-" "Mozilla/5.0 (compatible; bingbot/2.0; +http://www.bing.com/bingbot.htm)"
2001:4c50:46d:: - - [31/Oct/2016:08:27:51 +0100] "GET / HTTP/1.1" 200 18772 "-" "Mozilla/5.0 (iPhone; CPU iPhone OS 10_0_2 like Mac OS X) AppleWebKit/602.1.50 (KHTML, like Gecko) Version/10.0 Mobile/14A456 Safari/602.1"
2001:4c50:46d:: - - [31/Oct/2016:08:27:51 +0100] "GET /css/normalize.min.css HTTP/1.1" 200 2502 "https://vdsc.de/" "Mozilla/5.0 (iPhone; CPU iPhone OS 10_0_2 like Mac OS X) AppleWebKit/602.1.50 (KHTML, like Gecko) Version/10.0 Mobile/14A456 Safari/602.1"
2001:4c50:46d:: - - [31/Oct/2016:08:27:51 +0100] "GET /fonts/titillium/stylesheet.css HTTP/1.1" 200 4236 "https://vdsc.de/" "Mozilla/5.0 (iPhone; CPU iPhone OS 10_0_2 like Mac OS X) AppleWebKit/602.1.50 (KHTML, like Gecko) Version/10.0 Mobile/14A456 Safari/602.1"
2001:4c50:46d:: - - [31/Oct/2016:08:27:51 +0100] "GET /css/main.css HTTP/1.1" 200 3474 "https://vdsc.de/" "Mozilla/5.0 (iPhone; CPU iPhone OS 10_0_2 like Mac OS X) AppleWebKit/602.1.50 (KHTML, like Gecko) Version/10.0 Mobile/14A456 Safari/602.1"
2001:4c50:46d:: - - [31/Oct/2016:08:27:52 +0100] "GET /fonts/titillium/titillium-semibold-webfont.woff HTTP/1.1" 200 29892 "https://vdsc.de/" "Mozilla/5.0 (iPhone; CPU iPhone OS 10_0_2 like Mac OS X) AppleWebKit/602.1.50 (KHTML, like Gecko) Version/10.0 Mobile/14A456 Safari/602.1"
2001:4c50:46d:: - - [31/Oct/2016:08:27:52 +0100] "GET /fonts/titillium/titillium-regular-webfont.woff HTTP/1.1" 200 29840 "https://vdsc.de/" "Mozilla/5.0 (iPhone; CPU iPhone OS 10_0_2 like Mac OS X) AppleWebKit/602.1.50 (KHTML, like Gecko) Version/10.0 Mobile/14A456 Safari/602.1"
207.46.13.0 - - [31/Oct/2016:08:27:57 +0100] "GET /archiv/archiv2.html HTTP/1.1" 200 14830 "-" "Mozilla/5.0 (iPhone; CPU iPhone OS 7_0 like Mac OS X) AppleWebKit/537.51.1 (KHTML, like Gecko) Version/7.0 Mobile/11A465 Safari/9537.53 (compatible; bingbot/2.0; +http://www.bing.com/bingbot.htm)"
40.77.167.0 - - [31/Oct/2016:08:28:09 +0100] "GET /archiv/files/calendar.css HTTP/1.1" 200 142 "-" "Mozilla/5.0 (iPhone; CPU iPhone OS 7_0 like Mac OS X) AppleWebKit/537.51.1 (KHTML, like Gecko) Version/7.0 Mobile/11A465 Safari/9537.53 (compatible; bingbot/2.0; +http://www.bing.com/bingbot.htm)"
40.77.167.0 - - [31/Oct/2016:08:28:10 +0100] "GET /archiv/files/defaults.css HTTP/1.1" 200 1050 "-" "Mozilla/5.0 (iPhone; CPU iPhone OS 7_0 like Mac OS X) AppleWebKit/537.51.1 (KHTML, like Gecko) Version/7.0 Mobile/11A465 Safari/9537.53 (compatible; bingbot/2.0; +http://www.bing.com/bingbot.htm)"
40.77.167.0 - - [31/Oct/2016:08:28:10 +0100] "GET /archiv/files/img_assist.css HTTP/1.1" 200 142 "-" "Mozilla/5.0 (iPhone; CPU iPhone OS 7_0 like Mac OS X) AppleWebKit/537.51.1 (KHTML, like Gecko) Version/7.0 Mobile/11A465 Safari/9537.53 (compatible; bingbot/2.0; +http://www.bing.com/bingbot.htm)"
40.77.167.0 - - [31/Oct/2016:08:28:11 +0100] "GET /archiv/files/system-menus.css HTTP/1.1" 200 1327 "-" "Mozilla/5.0 (iPhone; CPU iPhone OS 7_0 like Mac OS X) AppleWebKit/537.51.1 (KHTML, like Gecko) Version/7.0 Mobile/11A465 Safari/9537.53 (compatible; bingbot/2.0; +http://www.bing.com/bingbot.htm)"
40.77.167.0 - - [31/Oct/2016:08:28:11 +0100] "GET /archiv/files/user.css HTTP/1.1" 200 1420 "-" "Mozilla/5.0 (iPhone; CPU iPhone OS 7_0 like Mac OS X) AppleWebKit/537.51.1 (KHTML, like Gecko) Version/7.0 Mobile/11A465 Safari/9537.53 (compatible; bingbot/2.0; +http://www.bing.com/bingbot.htm)"
40.77.167.0 - - [31/Oct/2016:08:28:12 +0100] "GET /archiv/files/views.css HTTP/1.1" 200 142 "-" "Mozilla/5.0 (iPhone; CPU iPhone OS 7_0 like Mac OS X) AppleWebKit/537.51.1 (KHTML, like Gecko) Version/7.0 Mobile/11A465 Safari/9537.53 (compatible; bingbot/2.0; +http://www.bing.com/bingbot.htm)"
207.46.13.0 - - [31/Oct/2016:08:28:25 +0100] "GET /archiv/files/content-module.css HTTP/1.1" 200 142 "-" "Mozilla/5.0 (iPhone; CPU iPhone OS 7_0 like Mac OS X) AppleWebKit/537.51.1 (KHTML, like Gecko) Version/7.0 Mobile/11A465 Safari/9537.53 (compatible; bingbot/2.0; +http://www.bing.com/bingbot.htm)"
207.46.13.0 - - [31/Oct/2016:08:28:30 +0100] "GET /archiv/files/date.css HTTP/1.1" 200 142 "-" "Mozilla/5.0 (iPhone; CPU iPhone OS 7_0 like Mac OS X) AppleWebKit/537.51.1 (KHTML, like Gecko) Version/7.0 Mobile/11A465 Safari/9537.53 (compatible; bingbot/2.0; +http://www.bing.com/bingbot.htm)"
207.46.13.0 - - [31/Oct/2016:08:28:30 +0100] "GET /archiv/files/farbtastic.css HTTP/1.1" 200 2625 "-" "Mozilla/5.0 (iPhone; CPU iPhone OS 7_0 like Mac OS X) AppleWebKit/537.51.1 (KHTML, like Gecko) Version/7.0 Mobile/11A465 Safari/9537.53 (compatible; bingbot/2.0; +http://www.bing.com/bingbot.htm)"
